CRAN Package Check Results for Package LW1949

Last updated on 2016-10-25 23:47:42.

Flavor Version Tinstall Tcheck Ttotal Status Flags
r-devel-linux-x86_64-debian-clang 1.0.0 2.74 38.99 41.74 OK
r-devel-linux-x86_64-debian-gcc 1.0.0 2.62 38.97 41.59 OK
r-devel-linux-x86_64-fedora-clang 1.0.0 93.30 OK
r-devel-linux-x86_64-fedora-gcc 1.0.0 99.44 OK
r-devel-windows-ix86+x86_64 1.0.0 12.00 101.00 113.00 OK
r-patched-linux-x86_64 1.0.0 2.77 37.30 40.07 OK
r-patched-solaris-sparc 1.0.0 515.80 OK
r-patched-solaris-x86 1.0.0 112.80 OK
r-release-linux-x86_64 1.0.0 2.70 37.41 40.11 OK
r-release-osx-x86_64-mavericks 1.0.0 WARN
r-release-windows-ix86+x86_64 1.0.0 8.00 95.00 103.00 OK
r-oldrel-windows-ix86+x86_64 1.0.0 13.00 92.00 105.00 OK

Check Details

Version: 1.0.0
Check: dependencies in R code
Result: NOTE
    Invalid MIT-MAGIC-COOKIE-1 key
Flavor: r-release-osx-x86_64-mavericks

Version: 1.0.0
Check: S3 generic/method consistency
Result: WARN
    Invalid MIT-MAGIC-COOKIE-1 key
    See section ‘Generic functions and methods’ in the ‘Writing R
    Extensions’ manual.
Flavor: r-release-osx-x86_64-mavericks

Version: 1.0.0
Check: replacement functions
Result: WARN
    Invalid MIT-MAGIC-COOKIE-1 key
    The argument of a replacement function which corresponds to the right
    hand side must be named ‘value’.
Flavor: r-release-osx-x86_64-mavericks

Version: 1.0.0
Check: foreign function calls
Result: NOTE
    Invalid MIT-MAGIC-COOKIE-1 key
    See chapter ‘System and foreign language interfaces’ in the ‘Writing R
    Extensions’ manual.
Flavor: r-release-osx-x86_64-mavericks

Version: 1.0.0
Check: R code for possible problems
Result: NOTE
    Invalid MIT-MAGIC-COOKIE-1 key
Flavor: r-release-osx-x86_64-mavericks

Version: 1.0.0
Check: for missing documentation entries
Result: WARN
    Invalid MIT-MAGIC-COOKIE-1 key
    All user-level objects in a package should have documentation entries.
    See chapter ‘Writing R documentation files’ in the ‘Writing R
    Extensions’ manual.
Flavor: r-release-osx-x86_64-mavericks

Version: 1.0.0
Check: for code/documentation mismatches
Result: WARN
    Invalid MIT-MAGIC-COOKIE-1 key
    Invalid MIT-MAGIC-COOKIE-1 key
    Invalid MIT-MAGIC-COOKIE-1 key
Flavor: r-release-osx-x86_64-mavericks

Version: 1.0.0
Check: Rd \usage sections
Result: NOTE
    Invalid MIT-MAGIC-COOKIE-1 key
    The \usage entries for S3 methods should use the \method markup and not
    their full name.
    See chapter ‘Writing R documentation files’ in the ‘Writing R
    Extensions’ manual.
Flavor: r-release-osx-x86_64-mavericks