Last updated on 2016-10-25 23:47:42.
Flavor | Version | Tinstall | Tcheck | Ttotal | Status | Flags |
---|---|---|---|---|---|---|
r-devel-linux-x86_64-debian-clang | 2.2 | 32.90 | 16.95 | 49.84 | NOTE | |
r-devel-linux-x86_64-debian-gcc | 2.2 | 32.71 | 17.55 | 50.26 | NOTE | |
r-devel-linux-x86_64-fedora-clang | 2.2 | 101.20 | NOTE | |||
r-devel-linux-x86_64-fedora-gcc | 2.2 | 98.18 | NOTE | |||
r-devel-windows-ix86+x86_64 | 2.2 | 117.00 | 61.00 | 178.00 | NOTE | |
r-patched-linux-x86_64 | 2.2 | 26.95 | 15.39 | 42.34 | NOTE | |
r-patched-solaris-sparc | 2.2 | 458.40 | NOTE | |||
r-patched-solaris-x86 | 2.2 | 92.60 | NOTE | |||
r-release-linux-x86_64 | 2.2 | 27.16 | 15.67 | 42.83 | NOTE | |
r-release-osx-x86_64-mavericks | 2.2 | NOTE | ||||
r-release-windows-ix86+x86_64 | 2.2 | 86.00 | 62.00 | 148.00 | NOTE | |
r-oldrel-windows-ix86+x86_64 | 2.2 | 114.00 | 65.00 | 179.00 | NOTE |
Version: 2.2
Check: DESCRIPTION meta-information
Result: NOTE
Malformed Description field: should contain one or more complete sentences.
Flavors: r-devel-linux-x86_64-debian-clang, r-devel-linux-x86_64-debian-gcc, r-devel-linux-x86_64-fedora-clang, r-devel-linux-x86_64-fedora-gcc, r-devel-macos-x86_64-clang, r-devel-windows-ix86+x86_64, r-patched-linux-x86_64, r-patched-solaris-sparc, r-patched-solaris-x86, r-release-linux-x86_64, r-release-osx-x86_64-mavericks, r-release-windows-ix86+x86_64, r-oldrel-windows-ix86+x86_64
Version: 2.2
Check: R code for possible problems
Result: NOTE
MAT: no visible global function definition for ‘dev.new’
MAT: no visible global function definition for ‘plot’
MAT: no visible global function definition for ‘points’
MAT: no visible global function definition for ‘abline’
MAT: no visible global function definition for ‘text’
MAT: no visible global function definition for ‘legend’
MAT: no visible global function definition for ‘lines’
MAT: no visible global function definition for ‘par’
MAT: no visible global function definition for ‘barplot’
MAT: no visible global function definition for ‘cor’
print.MAT: no visible global function definition for ‘sd’
print.MAT: no visible global function definition for ‘cor’
simM3PL: no visible global function definition for ‘rnorm’
simM3PL: no visible global function definition for ‘runif’
Undefined global functions or variables:
abline barplot cor dev.new legend lines par plot points rnorm runif
sd text
Consider adding
importFrom("grDevices", "dev.new")
importFrom("graphics", "abline", "barplot", "legend", "lines", "par",
"plot", "points", "text")
importFrom("stats", "cor", "rnorm", "runif", "sd")
to your NAMESPACE file.
Flavors: r-devel-linux-x86_64-debian-clang, r-devel-linux-x86_64-debian-gcc, r-devel-linux-x86_64-fedora-clang, r-devel-linux-x86_64-fedora-gcc, r-devel-macos-x86_64-clang, r-devel-windows-ix86+x86_64, r-patched-linux-x86_64, r-patched-solaris-sparc, r-patched-solaris-x86, r-release-linux-x86_64, r-release-osx-x86_64-mavericks, r-release-windows-ix86+x86_64