Last updated on 2016-10-25 23:47:42.
Flavor | Version | Tinstall | Tcheck | Ttotal | Status | Flags |
---|---|---|---|---|---|---|
r-devel-linux-x86_64-debian-clang | 1.3.4-6 | 14.63 | 135.04 | 149.67 | OK | |
r-devel-linux-x86_64-debian-gcc | 1.3.4-6 | 19.61 | 131.83 | 151.45 | OK | |
r-devel-linux-x86_64-fedora-clang | 1.3.5-2 | 218.47 | OK | |||
r-devel-linux-x86_64-fedora-gcc | 1.3.5-2 | 222.01 | OK | |||
r-devel-windows-ix86+x86_64 | 1.3.4-6 | 73.00 | 310.00 | 383.00 | WARN | |
r-patched-linux-x86_64 | 1.3.4-6 | 14.77 | 133.38 | 148.15 | OK | |
r-patched-solaris-sparc | 1.3.4-6 | 1772.50 | OK | |||
r-patched-solaris-x86 | 1.3.5-2 | 357.70 | OK | |||
r-release-linux-x86_64 | 1.3.4-6 | 14.76 | 133.03 | 147.79 | OK | |
r-release-osx-x86_64-mavericks | 1.3.4-6 | OK | ||||
r-release-windows-ix86+x86_64 | 1.3.4-6 | 49.00 | 244.00 | 293.00 | OK | |
r-oldrel-windows-ix86+x86_64 | 1.3.4-6 | 68.00 | 340.00 | 408.00 | OK |
Version: 1.3.4-6
Check: whether package can be installed
Result: WARN
Found the following significant warnings:
d:\RCompile\CRANpkg\lib\3.4/BH/include/boost/unordered/detail/buckets.hpp:703:29: warning: ISO C++ 1998 does not support 'long long' [-Wlong-long]
d:\RCompile\CRANpkg\lib\3.4/BH/include/boost/unordered/detail/buckets.hpp:708:38: warning: ISO C++ 1998 does not support 'long long' [-Wlong-long]
Flavor: r-devel-windows-ix86+x86_64