CRAN Package Check Results for Package MuMIn

Last updated on 2016-10-25 23:47:44.

Flavor Version Tinstall Tcheck Ttotal Status Flags
r-devel-linux-x86_64-debian-clang 1.15.6 7.45 93.24 100.69 OK
r-devel-linux-x86_64-debian-gcc 1.15.6 7.59 92.36 99.95 OK
r-devel-linux-x86_64-fedora-clang 1.15.6 192.25 OK
r-devel-linux-x86_64-fedora-gcc 1.15.6 188.18 OK
r-devel-windows-ix86+x86_64 1.15.6 21.00 135.00 156.00 OK
r-patched-linux-x86_64 1.15.6 6.82 88.17 94.99 OK
r-patched-solaris-sparc 1.15.6 1181.50 NOTE
r-patched-solaris-x86 1.15.6 229.40 NOTE
r-release-linux-x86_64 1.15.6 6.79 87.78 94.57 OK
r-release-osx-x86_64-mavericks 1.15.6 OK
r-release-windows-ix86+x86_64 1.15.6 16.00 142.00 158.00 OK
r-oldrel-windows-ix86+x86_64 1.15.6 21.00 180.00 201.00 OK

Check Details

Version: 1.15.6
Check: Rd cross-references
Result: NOTE
    Package unavailable to check Rd xrefs: ‘RMark’
Flavors: r-patched-solaris-sparc, r-patched-solaris-x86