Last updated on 2016-10-25 23:47:44.
Flavor | Version | Tinstall | Tcheck | Ttotal | Status | Flags |
---|---|---|---|---|---|---|
r-devel-linux-x86_64-debian-clang | 1.5.0 | 55.82 | 52.00 | 107.82 | OK | |
r-devel-linux-x86_64-debian-gcc | 1.5.0 | 54.46 | 52.32 | 106.77 | NOTE | |
r-devel-linux-x86_64-fedora-clang | 1.5.0 | 215.84 | OK | |||
r-devel-linux-x86_64-fedora-gcc | 1.5.0 | 196.35 | NOTE | |||
r-devel-windows-ix86+x86_64 | 1.5.0 | 226.00 | 102.00 | 328.00 | OK | |
r-patched-linux-x86_64 | 1.5.0 | 45.55 | 48.51 | 94.06 | NOTE | |
r-patched-solaris-sparc | 1.5.0 | 1002.50 | OK | |||
r-patched-solaris-x86 | 1.5.0 | 192.90 | OK | |||
r-release-linux-x86_64 | 1.5.0 | 46.01 | 48.43 | 94.43 | NOTE | |
r-release-osx-x86_64-mavericks | 1.5.0 | OK | ||||
r-release-windows-ix86+x86_64 | 1.5.0 | 179.00 | 103.00 | 282.00 | OK | |
r-oldrel-windows-ix86+x86_64 | 1.5.0 | 236.00 | 139.00 | 375.00 | OK |
Version: 1.5.0
Check: installed package size
Result: NOTE
installed size is 5.3Mb
sub-directories of 1Mb or more:
libs 3.3Mb
Flavors: r-devel-linux-x86_64-debian-gcc, r-devel-linux-x86_64-fedora-gcc, r-patched-linux-x86_64, r-release-linux-x86_64