CRAN Package Check Results for Package NEff

Last updated on 2016-10-25 23:47:44.

Flavor Version Tinstall Tcheck Ttotal Status Flags
r-devel-linux-x86_64-debian-clang 1.1 2.23 31.20 33.43 NOTE
r-devel-linux-x86_64-debian-gcc 1.1 2.12 31.21 33.33 NOTE
r-devel-linux-x86_64-fedora-clang 1.1 75.60 NOTE
r-devel-linux-x86_64-fedora-gcc 1.1 74.70 NOTE
r-devel-windows-ix86+x86_64 1.1 9.00 83.00 92.00 NOTE
r-patched-linux-x86_64 1.1 2.41 30.21 32.62 NOTE
r-patched-solaris-sparc 1.1 407.40 NOTE
r-patched-solaris-x86 1.1 87.40 NOTE
r-release-linux-x86_64 1.1 2.29 29.63 31.92 NOTE
r-release-osx-x86_64-mavericks 1.1 NOTE
r-release-windows-ix86+x86_64 1.1 6.00 78.00 84.00 NOTE
r-oldrel-windows-ix86+x86_64 1.1 8.00 78.00 86.00 OK

Check Details

Version: 1.1
Check: R code for possible problems
Result: NOTE
    population: no visible global function definition for ‘weighted.mean’
    population: no visible global function definition for ‘rpois’
    population: no visible global function definition for ‘lm’
    population: no visible global function definition for ‘coefficients’
    population: no visible global function definition for ‘sd’
    population: no visible global function definition for ‘par’
    population: no visible global function definition for ‘plot’
    population: no visible global function definition for ‘lines’
    Undefined global functions or variables:
     coefficients lines lm par plot rpois sd weighted.mean
    Consider adding
     importFrom("graphics", "lines", "par", "plot")
     importFrom("stats", "coefficients", "lm", "rpois", "sd",
     "weighted.mean")
    to your NAMESPACE file.
Flavors: r-devel-linux-x86_64-debian-clang, r-devel-linux-x86_64-debian-gcc, r-devel-linux-x86_64-fedora-clang, r-devel-linux-x86_64-fedora-gcc, r-devel-macos-x86_64-clang, r-devel-windows-ix86+x86_64, r-patched-linux-x86_64, r-patched-solaris-sparc, r-patched-solaris-x86, r-release-linux-x86_64, r-release-osx-x86_64-mavericks, r-release-windows-ix86+x86_64