CRAN Package Check Results for Package PANDA

Last updated on 2016-10-25 23:47:46.

Flavor Version Tinstall Tcheck Ttotal Status Flags
r-devel-linux-x86_64-debian-clang 0.9.9 3.87 114.19 118.06 WARN
r-devel-linux-x86_64-debian-gcc 0.9.9 4.08 113.54 117.62 WARN
r-devel-linux-x86_64-fedora-clang 0.9.9 249.79 WARN
r-devel-linux-x86_64-fedora-gcc 0.9.9 249.99 WARN
r-devel-windows-ix86+x86_64 0.9.9 17.00 281.00 298.00 WARN
r-patched-linux-x86_64 0.9.9 4.33 117.60 121.93 NOTE
r-patched-solaris-sparc 0.9.9 1613.60 NOTE
r-patched-solaris-x86 0.9.9 263.40 NOTE
r-release-linux-x86_64 0.9.9 4.40 117.57 121.97 NOTE
r-release-osx-x86_64-mavericks 0.9.9 NOTE
r-release-windows-ix86+x86_64 0.9.9 12.00 279.00 291.00 NOTE
r-oldrel-windows-ix86+x86_64 0.9.9 17.00 430.00 447.00 OK

Check Details

Version: 0.9.9
Check: R code for possible problems
Result: NOTE
    GOpredict: no visible global function definition for ‘fisher.test’
    KEGGpredict: no visible global function definition for ‘fisher.test’
    ProteinCluster: no visible global function definition for ‘ecdf’
    ProteinCluster: no visible global function definition for ‘as.hclust’
    ProteinCluster: no visible global function definition for
     ‘as.dendrogram’
    ProteinCluster : addE: no visible global function definition for
     ‘is.leaf’
    ProteinCluster: no visible global function definition for ‘plot’
    SignificantSubcluster: no visible global function definition for
     ‘order.dendrogram’
    SignificantSubcluster: no visible global function definition for
     ‘fisher.test’
    SignificantSubcluster: no visible global function definition for ‘plot’
    Undefined global functions or variables:
     as.dendrogram as.hclust ecdf fisher.test is.leaf order.dendrogram
     plot
    Consider adding
     importFrom("graphics", "plot")
     importFrom("stats", "as.dendrogram", "as.hclust", "ecdf",
     "fisher.test", "is.leaf", "order.dendrogram")
    to your NAMESPACE file.
Flavors: r-devel-linux-x86_64-debian-clang, r-devel-linux-x86_64-debian-gcc, r-devel-linux-x86_64-fedora-clang, r-devel-linux-x86_64-fedora-gcc, r-devel-macos-x86_64-clang, r-devel-windows-ix86+x86_64, r-patched-linux-x86_64, r-patched-solaris-sparc, r-patched-solaris-x86, r-release-linux-x86_64, r-release-osx-x86_64-mavericks, r-release-windows-ix86+x86_64

Version: 0.9.9
Check: files in ‘vignettes’
Result: WARN
    Files in the 'vignettes' directory newer than same file in 'inst/doc':
     ‘PANDA.Rnw’
Flavors: r-devel-linux-x86_64-debian-clang, r-devel-linux-x86_64-debian-gcc, r-devel-linux-x86_64-fedora-clang, r-devel-linux-x86_64-fedora-gcc, r-devel-macos-x86_64-clang, r-devel-windows-ix86+x86_64