CRAN Package Check Results for Package Pasha

Last updated on 2016-10-25 23:47:46.

Flavor Version Tinstall Tcheck Ttotal Status Flags
r-devel-linux-x86_64-debian-clang 0.99.21 19.17 216.88 236.05 WARN
r-devel-linux-x86_64-debian-gcc 0.99.21 19.54 233.87 253.41 WARN
r-devel-linux-x86_64-fedora-clang 0.99.21 320.40 WARN
r-devel-linux-x86_64-fedora-gcc 0.99.21 321.74 WARN
r-devel-windows-ix86+x86_64 0.99.21 96.00 348.00 444.00 ERROR
r-patched-linux-x86_64 0.99.21 19.16 225.37 244.52 WARN
r-patched-solaris-sparc 0.99.21 2345.20 WARN
r-patched-solaris-x86 0.99.21 546.30 WARN
r-release-linux-x86_64 0.99.21 17.80 226.19 243.99 WARN
r-release-osx-x86_64-mavericks 0.99.21 OK
r-release-windows-ix86+x86_64 0.99.21 60.00 338.00 398.00 OK
r-oldrel-windows-ix86+x86_64 0.99.21 98.00 388.00 486.00 OK

Check Details

Version: 0.99.21
Check: for missing documentation entries
Result: WARN
    Undocumented S4 methods:
     generic '[' and siglist 'AlignedData,ANY,ANY,ANY'
    All user-level objects in a package (including S4 classes and methods)
    should have documentation entries.
    See chapter ‘Writing R documentation files’ in the ‘Writing R
    Extensions’ manual.
Flavors: r-devel-linux-x86_64-debian-clang, r-devel-linux-x86_64-debian-gcc, r-devel-linux-x86_64-fedora-clang, r-devel-linux-x86_64-fedora-gcc, r-devel-macos-x86_64-clang, r-devel-windows-ix86+x86_64, r-patched-linux-x86_64, r-patched-solaris-x86, r-release-linux-x86_64

Version: 0.99.21
Check: running tests for arch ‘i386’
Result: ERROR
    Running the tests in 'tests/test_Pasha.R' failed.
    Last 13 lines of output:
     >
     > Pasha:::.testFunctional(tempdir(), testType="regular", verbose=FALSE)
    
    
     ####################################
     Functional test of Pasha - regular -
     ####################################
    
     Preparing folders and copying files for tests...Done !
    
     Starting the results generation (silent output, see log file for details), this step can be long...Error in c(x, values) :
     could not find symbol "recursive" in environment of the generic function
     Calls: <Anonymous> -> .testFunctional_generateResults
     Timing stopped at: 0 0 0
     Execution halted
Flavor: r-devel-windows-ix86+x86_64

Version: 0.99.21
Check: running tests for arch ‘x64’
Result: ERROR
    Running the tests in 'tests/test_Pasha.R' failed.
    Last 13 lines of output:
     >
     > Pasha:::.testFunctional(tempdir(), testType="regular", verbose=FALSE)
    
    
     ####################################
     Functional test of Pasha - regular -
     ####################################
    
     Preparing folders and copying files for tests...Done !
    
     Starting the results generation (silent output, see log file for details), this step can be long...Error in c(x, values) :
     could not find symbol "recursive" in environment of the generic function
     Calls: <Anonymous> -> .testFunctional_generateResults
     Timing stopped at: 0.01 0 0.01
     Execution halted
Flavor: r-devel-windows-ix86+x86_64

Version: 0.99.21
Check: whether package can be installed
Result: WARN
    Found the following significant warnings:
     Warning: multiple methods tables found for ‘arbind’
     Warning: multiple methods tables found for ‘acbind’
Flavor: r-patched-solaris-sparc