CRAN Package Check Results for Package PrevMap

Last updated on 2016-10-25 23:47:48.

Flavor Version Tinstall Tcheck Ttotal Status Flags
r-devel-linux-x86_64-debian-clang 1.4 5.83 118.45 124.28 NOTE
r-devel-linux-x86_64-debian-gcc 1.4 6.28 119.60 125.88 NOTE
r-devel-linux-x86_64-fedora-clang 1.4 225.07 OK
r-devel-linux-x86_64-fedora-gcc 1.4 220.29 OK
r-devel-windows-ix86+x86_64 1.4 21.00 227.00 248.00 OK
r-patched-linux-x86_64 1.4 6.62 118.70 125.31 NOTE
r-patched-solaris-sparc 1.4 17.90 ERROR
r-patched-solaris-x86 1.4 3.70 ERROR
r-release-linux-x86_64 1.4 6.23 115.90 122.13 NOTE
r-release-osx-x86_64-mavericks 1.4 NOTE
r-release-windows-ix86+x86_64 1.4 15.00 173.00 188.00 OK
r-oldrel-windows-ix86+x86_64 1.4 20.00 192.00 212.00 OK

Check Details

Version: 1.4
Check: package dependencies
Result: NOTE
    Package suggested but not available for checking: ‘INLA’
Flavors: r-devel-linux-x86_64-debian-clang, r-devel-linux-x86_64-debian-gcc, r-patched-linux-x86_64, r-release-linux-x86_64, r-release-osx-x86_64-mavericks

Version: 1.4
Check: package dependencies
Result: ERROR
    Package required but not available: ‘geoR’
    
    Package suggested but not available for checking: ‘INLA’
    
    See section ‘The DESCRIPTION file’ in the ‘Writing R Extensions’
    manual.
Flavors: r-patched-solaris-sparc, r-patched-solaris-x86