Last updated on 2016-10-25 23:47:52.
Flavor | Version | Tinstall | Tcheck | Ttotal | Status | Flags |
---|---|---|---|---|---|---|
r-devel-linux-x86_64-debian-clang | 0.30.0 | 3.23 | 85.48 | 88.71 | OK | |
r-devel-linux-x86_64-debian-gcc | 0.30.0 | 3.22 | 86.63 | 89.85 | OK | |
r-devel-linux-x86_64-fedora-clang | 0.30.0 | 165.01 | OK | |||
r-devel-linux-x86_64-fedora-gcc | 0.30.0 | 160.41 | OK | |||
r-devel-windows-ix86+x86_64 | 0.30.0 | 32.00 | 483.00 | 515.00 | OK | |
r-patched-linux-x86_64 | 0.30.0 | 3.27 | 82.84 | 86.11 | OK | |
r-patched-solaris-sparc | 0.30.0 | 910.70 | OK | |||
r-patched-solaris-x86 | 0.30.0 | 187.70 | OK | |||
r-release-linux-x86_64 | 0.30.0 | 2.96 | 82.70 | 85.66 | OK | |
r-release-osx-x86_64-mavericks | 0.30.0 | NOTE | ||||
r-release-windows-ix86+x86_64 | 0.30.0 | 12.00 | 364.00 | 376.00 | OK | |
r-oldrel-windows-ix86+x86_64 | 0.30.0 | 28.00 | 476.00 | 504.00 | OK |
Version: 0.30.0
Check: dependencies in R code
Result: NOTE
Invalid MIT-MAGIC-COOKIE-1 key
Flavor: r-release-osx-x86_64-mavericks