Last updated on 2016-10-25 23:47:52.
Flavor | Version | Tinstall | Tcheck | Ttotal | Status | Flags |
---|---|---|---|---|---|---|
r-devel-linux-x86_64-debian-clang | 0.1.1 | 0.97 | 14.46 | 15.43 | OK | |
r-devel-linux-x86_64-debian-gcc | 0.1.1 | 1.02 | 14.48 | 15.50 | OK | |
r-devel-linux-x86_64-fedora-clang | 0.1.1 | 27.15 | OK | |||
r-devel-linux-x86_64-fedora-gcc | 0.1.1 | 25.78 | OK | |||
r-devel-windows-ix86+x86_64 | 0.1.1 | 5.00 | 52.00 | 57.00 | OK | |
r-patched-linux-x86_64 | 0.1.1 | 0.93 | 13.60 | 14.53 | OK | |
r-patched-solaris-sparc | 0.1.1 | 155.70 | OK | |||
r-patched-solaris-x86 | 0.1.1 | 34.50 | OK | |||
r-release-linux-x86_64 | 0.1.1 | 0.88 | 13.18 | 14.06 | OK | |
r-release-osx-x86_64-mavericks | 0.1.1 | ERROR | ||||
r-release-windows-ix86+x86_64 | 0.1.1 | 3.00 | 44.00 | 47.00 | OK | |
r-oldrel-windows-ix86+x86_64 | 0.1.1 | 6.00 | 38.00 | 44.00 | OK |
Version: 0.1.1
Check: package dependencies
Result: ERROR
Package required but not available: ‘RODBC’
See section ‘The DESCRIPTION file’ in the ‘Writing R Extensions’
manual.
Flavor: r-release-osx-x86_64-mavericks