Last updated on 2016-10-25 23:47:52.
Flavor | Version | Tinstall | Tcheck | Ttotal | Status | Flags |
---|---|---|---|---|---|---|
r-devel-linux-x86_64-debian-clang | 0.9-60 | 4.74 | 86.16 | 90.90 | WARN | |
r-devel-linux-x86_64-debian-gcc | 0.9-60 | 4.56 | 87.04 | 91.59 | WARN | |
r-devel-linux-x86_64-fedora-clang | 0.9-60 | 183.92 | WARN | |||
r-devel-linux-x86_64-fedora-gcc | 0.9-60 | 182.88 | WARN | |||
r-devel-windows-ix86+x86_64 | 0.9-60 | 21.00 | 189.00 | 210.00 | WARN | |
r-patched-linux-x86_64 | 0.9-60 | 4.85 | 84.42 | 89.27 | WARN | |
r-patched-solaris-sparc | 0.9-60 | 979.70 | WARN | |||
r-patched-solaris-x86 | 0.9-60 | 206.00 | WARN | |||
r-release-linux-x86_64 | 0.9-60 | 8.75 | 82.64 | 91.39 | WARN | |
r-release-osx-x86_64-mavericks | 0.9-60 | OK | ||||
r-release-windows-ix86+x86_64 | 0.9-60 | 15.00 | 141.00 | 156.00 | WARN | |
r-oldrel-windows-ix86+x86_64 | 0.9-60 | 23.00 | 192.00 | 215.00 | WARN |
Version: 0.9-60
Check: Rd cross-references
Result: WARN
Missing link or links in documentation object 'MVA.cor.Rd':
‘[mixOmics]{multilevel}’
Missing link or links in documentation object 'MVA.corplot.Rd':
‘[mixOmics]{multilevel}’
Missing link or links in documentation object 'MVA.load.Rd':
‘[mixOmics]{multilevel}’
Missing link or links in documentation object 'MVA.loadplot.Rd':
‘[mixOmics]{multilevel}’
Missing link or links in documentation object 'MVA.scoreplot.Rd':
‘[mixOmics]{multilevel}’
Missing link or links in documentation object 'MVA.scores.Rd':
‘[mixOmics]{multilevel}’
See section 'Cross-references' in the 'Writing R Extensions' manual.
Flavors: r-devel-linux-x86_64-debian-clang, r-devel-linux-x86_64-debian-gcc, r-devel-linux-x86_64-fedora-clang, r-devel-linux-x86_64-fedora-gcc, r-devel-macos-x86_64-clang, r-devel-windows-ix86+x86_64, r-patched-linux-x86_64, r-patched-solaris-sparc, r-patched-solaris-x86, r-release-linux-x86_64, r-release-windows-ix86+x86_64, r-oldrel-windows-ix86+x86_64