CRAN Package Check Results for Package RcmdrPlugin.BiclustGUI

Last updated on 2016-10-25 23:47:49.

Flavor Version Tinstall Tcheck Ttotal Status Flags
r-devel-linux-x86_64-debian-clang 1.0.6 11.84 149.28 161.13 WARN
r-devel-linux-x86_64-debian-gcc 1.0.6 12.16 149.59 161.75 WARN
r-devel-linux-x86_64-fedora-clang 1.0.6 324.53 WARN
r-devel-linux-x86_64-fedora-gcc 1.0.6 324.45 WARN
r-devel-windows-ix86+x86_64 1.0.6 72.00 242.00 314.00 WARN
r-patched-linux-x86_64 1.0.6 11.93 147.10 159.03 NOTE
r-patched-solaris-sparc 1.0.6 1677.40 NOTE
r-patched-solaris-x86 1.0.6 405.60 NOTE
r-release-linux-x86_64 1.0.6 12.07 150.24 162.31 NOTE
r-release-osx-x86_64-mavericks 1.0.6 NOTE
r-release-windows-ix86+x86_64 1.0.6 51.00 234.00 285.00 NOTE
r-oldrel-windows-ix86+x86_64 1.0.6 71.00 334.00 405.00 NOTE

Check Details

Version: 1.0.6
Check: package dependencies
Result: NOTE
    Depends: includes the non-default packages:
     ‘biclust’ ‘fabia’ ‘iBBiG’ ‘superbiclust’ ‘BcDiag’ ‘rqubic’ ‘BicARE’
     ‘s4vd’
    Adding so many packages to the search path is excessive and importing
    selectively is preferable.
Flavors: r-devel-linux-x86_64-debian-clang, r-devel-linux-x86_64-debian-gcc, r-devel-linux-x86_64-fedora-clang, r-devel-linux-x86_64-fedora-gcc, r-devel-macos-x86_64-clang, r-devel-windows-ix86+x86_64, r-patched-linux-x86_64, r-patched-solaris-sparc, r-patched-solaris-x86, r-release-linux-x86_64, r-release-osx-x86_64-mavericks, r-release-windows-ix86+x86_64, r-oldrel-windows-ix86+x86_64

Version: 1.0.6
Check: files in ‘vignettes’
Result: WARN
    Files in the 'vignettes' directory newer than all files in 'inst/doc':
     ‘GuideBiclustGUI.Rnw’, ‘figures/drawheatmapswindow.png’,
     ‘figures/superbiclust.png’
Flavors: r-devel-linux-x86_64-debian-clang, r-devel-linux-x86_64-debian-gcc, r-devel-linux-x86_64-fedora-clang, r-devel-linux-x86_64-fedora-gcc, r-devel-macos-x86_64-clang, r-devel-windows-ix86+x86_64