Last updated on 2016-10-25 23:47:52.
Flavor | Version | Tinstall | Tcheck | Ttotal | Status | Flags |
---|---|---|---|---|---|---|
r-devel-linux-x86_64-debian-clang | 1.7.1 | 9.74 | 23.71 | 33.45 | NOTE | |
r-devel-linux-x86_64-debian-gcc | 1.7.1 | 9.80 | 22.25 | 32.05 | NOTE | |
r-devel-linux-x86_64-fedora-clang | 1.7.1 | 64.58 | NOTE | |||
r-devel-linux-x86_64-fedora-gcc | 1.7.1 | 60.13 | NOTE | |||
r-devel-windows-ix86+x86_64 | 1.7.1 | 67.00 | 88.00 | 155.00 | NOTE | |
r-patched-linux-x86_64 | 1.7.1 | 8.35 | 21.86 | 30.21 | NOTE | |
r-patched-solaris-sparc | 1.7.1 | 369.50 | NOTE | |||
r-patched-solaris-x86 | 1.7.1 | 3.40 | ERROR | |||
r-release-linux-x86_64 | 1.7.1 | 8.22 | 21.98 | 30.20 | NOTE | |
r-release-osx-x86_64-mavericks | 1.7.1 | NOTE | ||||
r-release-windows-ix86+x86_64 | 1.7.1 | 44.00 | 82.00 | 126.00 | NOTE | |
r-oldrel-windows-ix86+x86_64 | 1.7.1 | 45.00 | 95.00 | 140.00 | NOTE |
Version: 1.7.1
Check: for GNU extensions in Makefiles
Result: NOTE
GNU make is a SystemRequirements.
Flavors: r-devel-linux-x86_64-debian-clang, r-devel-linux-x86_64-debian-gcc, r-devel-linux-x86_64-fedora-clang, r-devel-linux-x86_64-fedora-gcc, r-devel-macos-x86_64-clang, r-devel-windows-ix86+x86_64, r-patched-linux-x86_64, r-patched-solaris-sparc, r-release-linux-x86_64, r-release-osx-x86_64-mavericks, r-release-windows-ix86+x86_64, r-oldrel-windows-ix86+x86_64
Version: 1.7.1
Check: whether package can be installed
Result: ERROR
Installation failed.
Flavor: r-patched-solaris-x86