CRAN Package Check Results for Package SDMPlay

Last updated on 2016-10-25 23:47:53.

Flavor Version Tinstall Tcheck Ttotal Status Flags
r-devel-linux-x86_64-debian-clang 1.0 1.86 20.92 22.78 OK
r-devel-linux-x86_64-debian-gcc 1.0 1.84 20.68 22.52 OK
r-devel-linux-x86_64-fedora-clang 1.0 40.94 NOTE
r-devel-linux-x86_64-fedora-gcc 1.0 40.71 NOTE
r-devel-windows-ix86+x86_64 1.0 7.00 69.00 76.00 OK
r-patched-linux-x86_64 1.0 1.96 19.60 21.56 OK
r-patched-solaris-sparc 1.0 246.30 NOTE
r-patched-solaris-x86 1.0 52.00 NOTE
r-release-linux-x86_64 1.0 1.70 19.79 21.49 OK
r-release-osx-x86_64-mavericks 1.0 NOTE
r-release-windows-ix86+x86_64 1.0 4.00 44.00 48.00 OK
r-oldrel-windows-ix86+x86_64 1.0 6.00 56.00 62.00 NOTE

Check Details

Version: 1.0
Check: dependencies in R code
Result: NOTE
    Namespaces in Imports field not imported from:
     ‘gbm’ ‘graphics’ ‘ncdf4’ ‘rgdal’ ‘sp’
     All declared Imports should be used.
Flavors: r-devel-linux-x86_64-fedora-clang, r-devel-linux-x86_64-fedora-gcc, r-devel-macos-x86_64-clang, r-patched-solaris-sparc, r-patched-solaris-x86, r-release-osx-x86_64-mavericks, r-oldrel-windows-ix86+x86_64