CRAN Package Check Results for Package SHELF

Last updated on 2016-10-25 23:47:53.

Flavor Version Tinstall Tcheck Ttotal Status Flags
r-devel-linux-x86_64-debian-clang 1.2.1 1.49 40.93 42.41 OK
r-devel-linux-x86_64-debian-gcc 1.2.1 1.57 41.02 42.59 OK
r-devel-linux-x86_64-fedora-clang 1.2.1 78.56 OK
r-devel-linux-x86_64-fedora-gcc 1.2.1 76.69 OK
r-devel-windows-ix86+x86_64 1.2.1 9.00 156.00 165.00 OK
r-patched-linux-x86_64 1.2.1 1.64 39.21 40.85 OK
r-patched-solaris-sparc 1.2.1 338.50 OK
r-patched-solaris-x86 1.2.1 71.10 OK
r-release-linux-x86_64 1.2.1 1.43 39.53 40.95 OK
r-release-osx-x86_64-mavericks 1.2.1 ERROR
r-release-windows-ix86+x86_64 1.2.1 7.00 124.00 131.00 OK
r-oldrel-windows-ix86+x86_64 1.1.0 8.00 42.00 50.00 OK

Check Details

Version: 1.2.1
Check: whether package can be installed
Result: ERROR
    Installation failed.
Flavor: r-release-osx-x86_64-mavericks