Last updated on 2016-10-25 23:47:54.
Flavor | Version | Tinstall | Tcheck | Ttotal | Status | Flags |
---|---|---|---|---|---|---|
r-devel-linux-x86_64-debian-clang | 0.8.2 | 0.71 | 27.33 | 28.04 | NOTE | |
r-devel-linux-x86_64-debian-gcc | 0.8.2 | 0.66 | 27.03 | 27.69 | NOTE | |
r-devel-linux-x86_64-fedora-clang | 0.8.2 | 52.11 | NOTE | |||
r-devel-linux-x86_64-fedora-gcc | 0.8.2 | 50.43 | NOTE | |||
r-devel-windows-ix86+x86_64 | 0.8.2 | 5.00 | 83.00 | 88.00 | NOTE | |
r-patched-linux-x86_64 | 0.8.2 | 0.62 | 26.34 | 26.96 | NOTE | |
r-patched-solaris-sparc | 0.8.2 | 331.90 | NOTE | |||
r-patched-solaris-x86 | 0.8.2 | 57.90 | NOTE | |||
r-release-linux-x86_64 | 0.8.2 | 0.64 | 26.02 | 26.66 | NOTE | |
r-release-osx-x86_64-mavericks | 0.8.2 | NOTE | ||||
r-release-windows-ix86+x86_64 | 0.8.2 | 3.00 | 62.00 | 65.00 | NOTE | |
r-oldrel-windows-ix86+x86_64 | 0.8.2 | 5.00 | 103.00 | 108.00 | NOTE |
Version: 0.8.2
Check: DESCRIPTION meta-information
Result: NOTE
Malformed Description field: should contain one or more complete sentences.
Flavors: r-devel-linux-x86_64-debian-clang, r-devel-linux-x86_64-debian-gcc, r-devel-linux-x86_64-fedora-clang, r-devel-linux-x86_64-fedora-gcc, r-devel-macos-x86_64-clang, r-devel-windows-ix86+x86_64, r-patched-linux-x86_64, r-patched-solaris-sparc, r-patched-solaris-x86, r-release-linux-x86_64, r-release-osx-x86_64-mavericks, r-release-windows-ix86+x86_64, r-oldrel-windows-ix86+x86_64