Last updated on 2016-10-25 23:47:55.
Flavor | Version | Tinstall | Tcheck | Ttotal | Status | Flags |
---|---|---|---|---|---|---|
r-devel-linux-x86_64-debian-clang | 1.6.9 | 4.87 | 99.02 | 103.89 | NOTE | |
r-devel-linux-x86_64-debian-gcc | 1.6.9 | 4.78 | 97.95 | 102.73 | NOTE | |
r-devel-linux-x86_64-fedora-clang | 1.6.9 | 190.62 | NOTE | |||
r-devel-linux-x86_64-fedora-gcc | 1.6.9 | 189.87 | NOTE | |||
r-devel-windows-ix86+x86_64 | 1.6.9 | 23.00 | 195.00 | 218.00 | NOTE | |
r-patched-linux-x86_64 | 1.6.9 | 5.32 | 94.95 | 100.27 | NOTE | |
r-patched-solaris-sparc | 1.6.9 | 16.90 | ERROR | |||
r-patched-solaris-x86 | 1.6.9 | 3.20 | ERROR | |||
r-release-linux-x86_64 | 1.6.9 | 5.20 | 97.19 | 102.39 | NOTE | |
r-release-osx-x86_64-mavericks | 1.6.9 | WARN | ||||
r-release-windows-ix86+x86_64 | 1.6.9 | 14.00 | 140.00 | 154.00 | NOTE | |
r-oldrel-windows-ix86+x86_64 | 1.6.9 | 22.00 | 171.00 | 193.00 | NOTE |
Version: 1.6.9
Check: S3 generic/method consistency
Result: NOTE
Found the following apparent S3 methods exported but not registered:
print.corsign
See section ‘Registering S3 methods’ in the ‘Writing R Extensions’
manual.
Flavors: r-devel-linux-x86_64-debian-clang, r-devel-linux-x86_64-debian-gcc, r-devel-linux-x86_64-fedora-clang, r-devel-linux-x86_64-fedora-gcc, r-devel-macos-x86_64-clang, r-patched-linux-x86_64, r-release-linux-x86_64
Version: 1.6.9
Check: R code for possible problems
Result: NOTE
CorCompare: no visible global function definition for ‘plot.new’
CorCompare: no visible global function definition for ‘par’
CorCompare: no visible global function definition for ‘plot.window’
CorCompare: no visible global function definition for ‘text’
CorCompare: no visible global function definition for ‘lines’
CorGroups: no visible global function definition for ‘plot.new’
CorGroups: no visible global function definition for ‘plot.window’
CorGroups: no visible global function definition for ‘text’
CorGroups: no visible global function definition for ‘segments’
CorGroups: no visible global function definition for ‘cor’
KrigeLegend: no visible global function definition for ‘quantile’
KrigeLegend: no visible global function definition for ‘gray’
KrigeLegend: no visible global function definition for ‘rainbow’
KrigeLegend: no visible global function definition for ‘terrain.colors’
KrigeLegend: no visible global function definition for ‘topo.colors’
KrigeLegend: no visible global function definition for ‘image’
KrigeLegend: no visible global function definition for ‘rect’
KrigeLegend: no visible global function definition for ‘text’
Northarrow: no visible global function definition for ‘arrows’
Northarrow: no visible global function definition for ‘text’
RobCor.plot: no visible global function definition for ‘cov’
RobCor.plot: no visible global function definition for ‘qchisq’
RobCor.plot: no visible global function definition for ‘title’
RobCor.plot: no visible global function definition for ‘cor’
RobCor.plot: no visible global function definition for ‘lines’
SmoothLegend: no visible global function definition for ‘quantile’
SmoothLegend: no visible global function definition for ‘gray’
SmoothLegend: no visible global function definition for ‘rainbow’
SmoothLegend: no visible global function definition for
‘terrain.colors’
SmoothLegend: no visible global function definition for ‘topo.colors’
SmoothLegend: no visible global function definition for ‘image’
SmoothLegend: no visible global function definition for ‘rect’
SmoothLegend: no visible global function definition for ‘text’
SymbLegend: no visible global function definition for ‘quantile’
SymbLegend: no visible global function definition for ‘points’
SymbLegend: no visible global function definition for ‘legend’
SymbLegend: no visible global function definition for ‘boxplot’
arw: no visible global function definition for ‘qchisq’
arw: no visible global function definition for ‘mahalanobis’
arw: no visible global function definition for ‘pchisq’
boxes: no visible global function definition for ‘par’
boxes: no visible global function definition for ‘cor’
boxes: no visible global function definition for ‘hclust’
boxes: no visible global function definition for ‘dist’
boxes: no visible global function definition for ‘cutree’
boxes: no visible global function definition for ‘lines’
boxes: no visible global function definition for ‘text’
boxes: no visible global function definition for ‘xy.coords’
boxes: no visible global function definition for ‘box’
boxplotlegend: no visible global function definition for ‘mtext’
boxplotlegend: no visible global function definition for ‘segments’
boxplotlegend: no visible global function definition for ‘points’
boxplotlegend: no visible global function definition for ‘text’
boxplotlog: no visible global function definition for ‘par’
boxplotlog: no visible global function definition for ‘boxplot.stats’
boxplotlog: no visible global function definition for ‘bxp’
boxplotperc: no visible global function definition for ‘par’
boxplotperc: no visible global function definition for ‘bxp’
boxplotperc.stats: no visible global function definition for ‘quantile’
bubbleFIN: no visible global function definition for ‘quantile’
bubbleFIN: no visible global function definition for ‘text’
circles: no visible global function definition for ‘par’
circles: no visible global function definition for ‘polygon’
concarea: no visible global function definition for ‘par’
concarea: no visible global function definition for ‘na.exclude’
concarea: no visible global function definition for ‘axis’
concarea: no visible global function definition for ‘abline’
concarea: no visible global function definition for ‘gray’
concareaExampleKola: no visible global function definition for ‘par’
concareaExampleKola: no visible global function definition for
‘na.exclude’
concareaExampleKola: no visible binding for global variable ‘qnorm’
concareaExampleKola: no visible global function definition for ‘qnorm’
concareaExampleKola: no visible global function definition for ‘title’
concareaExampleKola: no visible global function definition for
‘quantile’
concareaExampleKola: no visible global function definition for ‘gray’
concareaExampleKola: no visible global function definition for ‘image’
concareaExampleKola: no visible global function definition for ‘rect’
concareaExampleKola: no visible global function definition for ‘text’
concareaExampleKola: no visible global function definition for ‘axis’
concareaExampleKola: no visible global function definition for ‘abline’
cor.sign: no visible global function definition for ‘cor’
cor.sign: no visible global function definition for ‘cor.test’
do.ellipses: no visible global function definition for ‘cov2cor’
do.ellipses: no visible global function definition for ‘lines’
edaplot: no visible global function definition for ‘par’
edaplot: no visible global function definition for ‘hist’
edaplot: no visible global function definition for ‘boxplot’
edaplot: no visible global function definition for ‘density’
edaplot: no visible global function definition for ‘axTicks’
edaplot: no visible global function definition for ‘axis’
edaplot: no visible global function definition for ‘lines’
edaplot: no visible global function definition for ‘rect’
edaplot: no visible global function definition for ‘points’
edaplot: no visible global function definition for ‘runif’
edaplotlog: no visible global function definition for ‘par’
edaplotlog: no visible global function definition for ‘hist’
edaplotlog: no visible global function definition for ‘boxplot’
edaplotlog: no visible global function definition for ‘density’
edaplotlog: no visible global function definition for ‘axTicks’
edaplotlog: no visible global function definition for ‘axis’
edaplotlog: no visible global function definition for ‘lines’
edaplotlog: no visible global function definition for ‘rect’
edaplotlog: no visible global function definition for ‘points’
edaplotlog: no visible global function definition for ‘runif’
loadplot: no visible global function definition for ‘segments’
loadplot: no visible global function definition for ‘cor’
loadplot: no visible global function definition for ‘mtext’
loadplot: no visible global function definition for ‘text’
loadplot: no visible global function definition for ‘par’
loadplot: no visible global function definition for ‘title’
pfa: no visible global function definition for ‘terms’
pfa: no visible global function definition for ‘model.matrix’
pfa: no visible global function definition for ‘cov.wt’
pfa: no visible global function definition for ‘napredict’
pfa: no visible global function definition for ‘pchisq’
plotbg: no visible global function definition for ‘lines’
plotelement: no visible global function definition for ‘par’
plotelement: no visible global function definition for ‘title’
plotelement: no visible global function definition for ‘text’
plotelement: no visible global function definition for ‘abline’
plotellipse: no visible global function definition for ‘qchisq’
plotellipse: no visible global function definition for ‘lines’
plotmvoutlier: no visible global function definition for ‘mahalanobis’
plotmvoutlier: no visible global function definition for ‘qchisq’
plotmvoutlier: no visible global function definition for ‘points’
plotmvoutlier: no visible global function definition for ‘gray’
plotmvoutlier: no visible global function definition for ‘rainbow’
plotuniout: no visible global function definition for ‘par’
plotuniout: no visible global function definition for ‘qchisq’
plotuniout: no visible global function definition for ‘mahalanobis’
plotuniout: no visible global function definition for ‘runif’
plotuniout: no visible global function definition for ‘points’
plotuniout: no visible global function definition for ‘abline’
plotuniout: no visible global function definition for ‘gray’
plotuniout: no visible global function definition for ‘rainbow’
plotvario: no visible global function definition for ‘boxplot’
plotvario: no visible global function definition for ‘matplot’
plotvario: no visible global function definition for ‘abline’
plotvario: no visible global function definition for ‘lines’
polys: no visible global function definition for ‘par’
polys: no visible global function definition for ‘lines’
polys: no visible global function definition for ‘text’
polys: no visible global function definition for ‘segments’
polys: no visible global function definition for ‘box’
ppplot.das: no visible binding for global variable ‘pnorm’
ppplot.das: no visible global function definition for ‘ppoints’
ppplot.das: no visible global function definition for ‘sd’
ppplot.das: no visible global function definition for ‘box’
ppplot.das: no visible global function definition for ‘axis’
ppplot.das: no visible global function definition for ‘points’
ppplot.das: no visible global function definition for ‘quantile’
ppplot.das: no visible global function definition for ‘abline’
qpplot.das: no visible binding for global variable ‘qnorm’
qpplot.das: no visible global function definition for ‘ppoints’
qpplot.das: no visible global function definition for ‘box’
qpplot.das: no visible global function definition for ‘abline’
qpplot.das: no visible global function definition for ‘gray’
qpplot.das: no visible global function definition for ‘axis’
qpplot.das: no visible global function definition for ‘axTicks’
qpplot.das: no visible global function definition for ‘points’
qpplot.das: no visible global function definition for ‘quantile’
qqplot.das: no visible global function definition for ‘par’
qqplot.das: no visible global function definition for ‘palette’
qqplot.das: no visible global function definition for ‘ppoints’
qqplot.das: no visible global function definition for ‘points’
qqplot.das: no visible global function definition for ‘quantile’
qqplot.das: no visible global function definition for ‘abline’
qqplot.das: no visible global function definition for ‘coefficients’
qqplot.das: no visible global function definition for ‘qnorm’
qqplot.das: no visible global function definition for ‘lines’
qqplot.das: no visible global function definition for ‘identify’
rg.boxplot: no visible global function definition for ‘par’
rg.boxplot: no visible global function definition for ‘quantile’
rg.boxplot: no visible global function definition for ‘points’
rg.boxplot: no visible global function definition for ‘polygon’
rg.boxplot: no visible global function definition for ‘lines’
rg.boxplot: no visible global function definition for ‘text’
rg.mva: no visible global function definition for ‘cov.wt’
rg.mva: no visible binding for global variable ‘var’
rg.mva: no visible global function definition for ‘mahalanobis’
rg.mva: no visible global function definition for ‘pf’
rg.mva: no visible global function definition for ‘pchisq’
rg.mvalloc: no visible global function definition for ‘mahalanobis’
rg.mvalloc: no visible global function definition for ‘pf’
rg.robmva: no visible global function definition for ‘cov.mve’
rg.robmva: no visible global function definition for ‘cov.wt’
rg.robmva: no visible binding for global variable ‘var’
rg.robmva: no visible global function definition for ‘mahalanobis’
rg.robmva: no visible global function definition for ‘pf’
rg.robmva: no visible global function definition for ‘pchisq’
rg.wtdsums: no visible binding for global variable ‘quantile’
scalebar: no visible global function definition for ‘rect’
scalebar: no visible global function definition for ‘mtext’
scatter3dPETER: no visible global function definition for
‘complete.cases’
scatter3dPETER: no visible global function definition for ‘lm’
scatter3dPETER: no visible global function definition for ‘predict’
suns: no visible global function definition for ‘par’
suns: no visible global function definition for ‘segments’
suns: no visible global function definition for ‘text’
suns: no visible global function definition for ‘box’
ternary: no visible global function definition for ‘par’
ternary: no visible global function definition for ‘segments’
ternary: no visible global function definition for ‘mtext’
ternary: no visible global function definition for ‘text’
ternary: no visible global function definition for ‘grey’
tree: no visible global function definition for ‘par’
tree: no visible global function definition for ‘cor’
tree: no visible global function definition for ‘hclust’
tree: no visible global function definition for ‘dist’
tree: no visible global function definition for ‘cutree’
tree: no visible global function definition for ‘text’
tree: no visible global function definition for ‘box’
varcomp: no visible global function definition for ‘na.omit’
varcomp: no visible global function definition for ‘var’
varcomp: no visible global function definition for ‘pf’
varioCalc: no visible global function definition for ‘axis’
varioCalc: no visible global function definition for ‘axTicks’
varioCalc: no visible global function definition for ‘lines’
varioCalc: no visible global function definition for ‘legend’
plot,branch-ANY: no visible global function definition for ‘polygon’
plot,branch-ANY: no visible global function definition for ‘text’
plot,branch-ANY: no visible global function definition for ‘xy.coords’
Undefined global functions or variables:
abline arrows axTicks axis box boxplot boxplot.stats bxp coefficients
complete.cases cor cor.test cov cov.mve cov.wt cov2cor cutree density
dist gray grey hclust hist identify image legend lines lm mahalanobis
matplot model.matrix mtext na.exclude na.omit napredict palette par
pchisq pf plot.new plot.window pnorm points polygon ppoints predict
qchisq qnorm quantile rainbow rect runif sd segments terms
terrain.colors text title topo.colors var xy.coords
Consider adding
importFrom("grDevices", "boxplot.stats", "gray", "grey", "palette",
"rainbow", "terrain.colors", "topo.colors", "xy.coords")
importFrom("graphics", "abline", "arrows", "axTicks", "axis", "box",
"boxplot", "bxp", "hist", "identify", "image", "legend",
"lines", "matplot", "mtext", "par", "plot.new",
"plot.window", "points", "polygon", "rect", "segments",
"text", "title")
importFrom("stats", "coefficients", "complete.cases", "cor",
"cor.test", "cov", "cov.wt", "cov2cor", "cutree", "density",
"dist", "hclust", "lm", "mahalanobis", "model.matrix",
"na.exclude", "na.omit", "napredict", "pchisq", "pf",
"pnorm", "ppoints", "predict", "qchisq", "qnorm",
"quantile", "runif", "sd", "terms", "var")
to your NAMESPACE file.
Flavors: r-devel-linux-x86_64-debian-clang, r-devel-linux-x86_64-debian-gcc, r-devel-linux-x86_64-fedora-clang, r-devel-linux-x86_64-fedora-gcc, r-devel-macos-x86_64-clang, r-devel-windows-ix86+x86_64, r-patched-linux-x86_64, r-release-linux-x86_64, r-release-windows-ix86+x86_64
Version: 1.6.9
Check: package dependencies
Result: ERROR
Package required but not available: ‘geoR’
See section ‘The DESCRIPTION file’ in the ‘Writing R Extensions’
manual.
Flavors: r-patched-solaris-sparc, r-patched-solaris-x86
Version: 1.6.9
Check: whether package can be installed
Result: WARN
Found the following significant warnings:
Warning: 'rgl_init' failed, running with rgl.useNULL = TRUE
Flavor: r-release-osx-x86_64-mavericks
Version: 1.6.9
Check: dependencies in R code
Result: NOTE
Invalid MIT-MAGIC-COOKIE-1 keyInvalid MIT-MAGIC-COOKIE-1 key
Flavor: r-release-osx-x86_64-mavericks
Version: 1.6.9
Check: S3 generic/method consistency
Result: WARN
Invalid MIT-MAGIC-COOKIE-1 keyInvalid MIT-MAGIC-COOKIE-1 key
See section ‘Generic functions and methods’ in the ‘Writing R
Extensions’ manual.
Flavor: r-release-osx-x86_64-mavericks
Version: 1.6.9
Check: replacement functions
Result: WARN
Invalid MIT-MAGIC-COOKIE-1 keyInvalid MIT-MAGIC-COOKIE-1 key
The argument of a replacement function which corresponds to the right
hand side must be named ‘value’.
Flavor: r-release-osx-x86_64-mavericks
Version: 1.6.9
Check: foreign function calls
Result: NOTE
Invalid MIT-MAGIC-COOKIE-1 keyInvalid MIT-MAGIC-COOKIE-1 key
See chapter ‘System and foreign language interfaces’ in the ‘Writing R
Extensions’ manual.
Flavor: r-release-osx-x86_64-mavericks
Version: 1.6.9
Check: R code for possible problems
Result: NOTE
Invalid MIT-MAGIC-COOKIE-1 keyInvalid MIT-MAGIC-COOKIE-1 keyCorCompare: no visible global function definition for ‘plot.new’
CorCompare: no visible global function definition for ‘par’
CorCompare: no visible global function definition for ‘plot.window’
CorCompare: no visible global function definition for ‘text’
CorCompare: no visible global function definition for ‘lines’
CorGroups: no visible global function definition for ‘plot.new’
CorGroups: no visible global function definition for ‘plot.window’
CorGroups: no visible global function definition for ‘text’
CorGroups: no visible global function definition for ‘segments’
CorGroups: no visible global function definition for ‘cor’
KrigeLegend: no visible global function definition for ‘quantile’
KrigeLegend: no visible global function definition for ‘gray’
KrigeLegend: no visible global function definition for ‘rainbow’
KrigeLegend: no visible global function definition for ‘terrain.colors’
KrigeLegend: no visible global function definition for ‘topo.colors’
KrigeLegend: no visible global function definition for ‘image’
KrigeLegend: no visible global function definition for ‘rect’
KrigeLegend: no visible global function definition for ‘text’
Northarrow: no visible global function definition for ‘arrows’
Northarrow: no visible global function definition for ‘text’
RobCor.plot: no visible global function definition for ‘cov’
RobCor.plot: no visible global function definition for ‘qchisq’
RobCor.plot: no visible global function definition for ‘title’
RobCor.plot: no visible global function definition for ‘cor’
RobCor.plot: no visible global function definition for ‘lines’
SmoothLegend: no visible global function definition for ‘quantile’
SmoothLegend: no visible global function definition for ‘gray’
SmoothLegend: no visible global function definition for ‘rainbow’
SmoothLegend: no visible global function definition for
‘terrain.colors’
SmoothLegend: no visible global function definition for ‘topo.colors’
SmoothLegend: no visible global function definition for ‘image’
SmoothLegend: no visible global function definition for ‘rect’
SmoothLegend: no visible global function definition for ‘text’
SymbLegend: no visible global function definition for ‘quantile’
SymbLegend: no visible global function definition for ‘points’
SymbLegend: no visible global function definition for ‘legend’
SymbLegend: no visible global function definition for ‘boxplot’
arw: no visible global function definition for ‘qchisq’
arw: no visible global function definition for ‘mahalanobis’
arw: no visible global function definition for ‘pchisq’
boxes: no visible global function definition for ‘par’
boxes: no visible global function definition for ‘cor’
boxes: no visible global function definition for ‘hclust’
boxes: no visible global function definition for ‘dist’
boxes: no visible global function definition for ‘cutree’
boxes: no visible global function definition for ‘lines’
boxes: no visible global function definition for ‘text’
boxes: no visible global function definition for ‘xy.coords’
boxes: no visible global function definition for ‘box’
boxplotlegend: no visible global function definition for ‘mtext’
boxplotlegend: no visible global function definition for ‘segments’
boxplotlegend: no visible global function definition for ‘points’
boxplotlegend: no visible global function definition for ‘text’
boxplotlog: no visible global function definition for ‘par’
boxplotlog: no visible global function definition for ‘boxplot.stats’
boxplotlog: no visible global function definition for ‘bxp’
boxplotperc: no visible global function definition for ‘par’
boxplotperc: no visible global function definition for ‘bxp’
boxplotperc.stats: no visible global function definition for ‘quantile’
bubbleFIN: no visible global function definition for ‘quantile’
bubbleFIN: no visible global function definition for ‘text’
circles: no visible global function definition for ‘par’
circles: no visible global function definition for ‘polygon’
concarea: no visible global function definition for ‘par’
concarea: no visible global function definition for ‘na.exclude’
concarea: no visible global function definition for ‘axis’
concarea: no visible global function definition for ‘abline’
concarea: no visible global function definition for ‘gray’
concareaExampleKola: no visible global function definition for ‘par’
concareaExampleKola: no visible global function definition for
‘na.exclude’
concareaExampleKola: no visible binding for global variable ‘qnorm’
concareaExampleKola: no visible global function definition for ‘qnorm’
concareaExampleKola: no visible global function definition for ‘title’
concareaExampleKola: no visible global function definition for
‘quantile’
concareaExampleKola: no visible global function definition for ‘gray’
concareaExampleKola: no visible global function definition for ‘image’
concareaExampleKola: no visible global function definition for ‘rect’
concareaExampleKola: no visible global function definition for ‘text’
concareaExampleKola: no visible global function definition for ‘axis’
concareaExampleKola: no visible global function definition for ‘abline’
cor.sign: no visible global function definition for ‘cor’
cor.sign: no visible global function definition for ‘cor.test’
do.ellipses: no visible global function definition for ‘cov2cor’
do.ellipses: no visible global function definition for ‘lines’
edaplot: no visible global function definition for ‘par’
edaplot: no visible global function definition for ‘hist’
edaplot: no visible global function definition for ‘boxplot’
edaplot: no visible global function definition for ‘density’
edaplot: no visible global function definition for ‘axTicks’
edaplot: no visible global function definition for ‘axis’
edaplot: no visible global function definition for ‘lines’
edaplot: no visible global function definition for ‘rect’
edaplot: no visible global function definition for ‘points’
edaplot: no visible global function definition for ‘runif’
edaplotlog: no visible global function definition for ‘par’
edaplotlog: no visible global function definition for ‘hist’
edaplotlog: no visible global function definition for ‘boxplot’
edaplotlog: no visible global function definition for ‘density’
edaplotlog: no visible global function definition for ‘axTicks’
edaplotlog: no visible global function definition for ‘axis’
edaplotlog: no visible global function definition for ‘lines’
edaplotlog: no visible global function definition for ‘rect’
edaplotlog: no visible global function definition for ‘points’
edaplotlog: no visible global function definition for ‘runif’
loadplot: no visible global function definition for ‘segments’
loadplot: no visible global function definition for ‘cor’
loadplot: no visible global function definition for ‘mtext’
loadplot: no visible global function definition for ‘text’
loadplot: no visible global function definition for ‘par’
loadplot: no visible global function definition for ‘title’
pfa: no visible global function definition for ‘terms’
pfa: no visible global function definition for ‘model.matrix’
pfa: no visible global function definition for ‘cov.wt’
pfa: no visible global function definition for ‘napredict’
pfa: no visible global function definition for ‘pchisq’
plotbg: no visible global function definition for ‘lines’
plotelement: no visible global function definition for ‘par’
plotelement: no visible global function definition for ‘title’
plotelement: no visible global function definition for ‘text’
plotelement: no visible global function definition for ‘abline’
plotellipse: no visible global function definition for ‘qchisq’
plotellipse: no visible global function definition for ‘lines’
plotmvoutlier: no visible global function definition for ‘mahalanobis’
plotmvoutlier: no visible global function definition for ‘qchisq’
plotmvoutlier: no visible global function definition for ‘points’
plotmvoutlier: no visible global function definition for ‘gray’
plotmvoutlier: no visible global function definition for ‘rainbow’
plotuniout: no visible global function definition for ‘par’
plotuniout: no visible global function definition for ‘qchisq’
plotuniout: no visible global function definition for ‘mahalanobis’
plotuniout: no visible global function definition for ‘runif’
plotuniout: no visible global function definition for ‘points’
plotuniout: no visible global function definition for ‘abline’
plotuniout: no visible global function definition for ‘gray’
plotuniout: no visible global function definition for ‘rainbow’
plotvario: no visible global function definition for ‘boxplot’
plotvario: no visible global function definition for ‘matplot’
plotvario: no visible global function definition for ‘abline’
plotvario: no visible global function definition for ‘lines’
polys: no visible global function definition for ‘par’
polys: no visible global function definition for ‘lines’
polys: no visible global function definition for ‘text’
polys: no visible global function definition for ‘segments’
polys: no visible global function definition for ‘box’
ppplot.das: no visible binding for global variable ‘pnorm’
ppplot.das: no visible global function definition for ‘ppoints’
ppplot.das: no visible global function definition for ‘sd’
ppplot.das: no visible global function definition for ‘box’
ppplot.das: no visible global function definition for ‘axis’
ppplot.das: no visible global function definition for ‘points’
ppplot.das: no visible global function definition for ‘quantile’
ppplot.das: no visible global function definition for ‘abline’
qpplot.das: no visible binding for global variable ‘qnorm’
qpplot.das: no visible global function definition for ‘ppoints’
qpplot.das: no visible global function definition for ‘box’
qpplot.das: no visible global function definition for ‘abline’
qpplot.das: no visible global function definition for ‘gray’
qpplot.das: no visible global function definition for ‘axis’
qpplot.das: no visible global function definition for ‘axTicks’
qpplot.das: no visible global function definition for ‘points’
qpplot.das: no visible global function definition for ‘quantile’
qqplot.das: no visible global function definition for ‘par’
qqplot.das: no visible global function definition for ‘palette’
qqplot.das: no visible global function definition for ‘ppoints’
qqplot.das: no visible global function definition for ‘points’
qqplot.das: no visible global function definition for ‘quantile’
qqplot.das: no visible global function definition for ‘abline’
qqplot.das: no visible global function definition for ‘coefficients’
qqplot.das: no visible global function definition for ‘qnorm’
qqplot.das: no visible global function definition for ‘lines’
qqplot.das: no visible global function definition for ‘identify’
rg.boxplot: no visible global function definition for ‘par’
rg.boxplot: no visible global function definition for ‘quantile’
rg.boxplot: no visible global function definition for ‘points’
rg.boxplot: no visible global function definition for ‘polygon’
rg.boxplot: no visible global function definition for ‘lines’
rg.boxplot: no visible global function definition for ‘text’
rg.mva: no visible global function definition for ‘cov.wt’
rg.mva: no visible binding for global variable ‘var’
rg.mva: no visible global function definition for ‘mahalanobis’
rg.mva: no visible global function definition for ‘pf’
rg.mva: no visible global function definition for ‘pchisq’
rg.mvalloc: no visible global function definition for ‘mahalanobis’
rg.mvalloc: no visible global function definition for ‘pf’
rg.robmva: no visible global function definition for ‘cov.mve’
rg.robmva: no visible global function definition for ‘cov.wt’
rg.robmva: no visible binding for global variable ‘var’
rg.robmva: no visible global function definition for ‘mahalanobis’
rg.robmva: no visible global function definition for ‘pf’
rg.robmva: no visible global function definition for ‘pchisq’
rg.wtdsums: no visible binding for global variable ‘quantile’
scalebar: no visible global function definition for ‘rect’
scalebar: no visible global function definition for ‘mtext’
scatter3dPETER: no visible global function definition for
‘complete.cases’
scatter3dPETER: no visible global function definition for ‘lm’
scatter3dPETER: no visible global function definition for ‘predict’
suns: no visible global function definition for ‘par’
suns: no visible global function definition for ‘segments’
suns: no visible global function definition for ‘text’
suns: no visible global function definition for ‘box’
ternary: no visible global function definition for ‘par’
ternary: no visible global function definition for ‘segments’
ternary: no visible global function definition for ‘mtext’
ternary: no visible global function definition for ‘text’
ternary: no visible global function definition for ‘grey’
tree: no visible global function definition for ‘par’
tree: no visible global function definition for ‘cor’
tree: no visible global function definition for ‘hclust’
tree: no visible global function definition for ‘dist’
tree: no visible global function definition for ‘cutree’
tree: no visible global function definition for ‘text’
tree: no visible global function definition for ‘box’
varcomp: no visible global function definition for ‘na.omit’
varcomp: no visible global function definition for ‘var’
varcomp: no visible global function definition for ‘pf’
varioCalc: no visible global function definition for ‘axis’
varioCalc: no visible global function definition for ‘axTicks’
varioCalc: no visible global function definition for ‘lines’
varioCalc: no visible global function definition for ‘legend’
plot,branch-ANY: no visible global function definition for ‘polygon’
plot,branch-ANY: no visible global function definition for ‘text’
plot,branch-ANY: no visible global function definition for ‘xy.coords’
Undefined global functions or variables:
abline arrows axTicks axis box boxplot boxplot.stats bxp coefficients
complete.cases cor cor.test cov cov.mve cov.wt cov2cor cutree density
dist gray grey hclust hist identify image legend lines lm mahalanobis
matplot model.matrix mtext na.exclude na.omit napredict palette par
pchisq pf plot.new plot.window pnorm points polygon ppoints predict
qchisq qnorm quantile rainbow rect runif sd segments terms
terrain.colors text title topo.colors var xy.coords
Consider adding
importFrom("grDevices", "boxplot.stats", "gray", "grey", "palette",
"rainbow", "terrain.colors", "topo.colors", "xy.coords")
importFrom("graphics", "abline", "arrows", "axTicks", "axis", "box",
"boxplot", "bxp", "hist", "identify", "image", "legend",
"lines", "matplot", "mtext", "par", "plot.new",
"plot.window", "points", "polygon", "rect", "segments",
"text", "title")
importFrom("stats", "coefficients", "complete.cases", "cor",
"cor.test", "cov", "cov.wt", "cov2cor", "cutree", "density",
"dist", "hclust", "lm", "mahalanobis", "model.matrix",
"na.exclude", "na.omit", "napredict", "pchisq", "pf",
"pnorm", "ppoints", "predict", "qchisq", "qnorm",
"quantile", "runif", "sd", "terms", "var")
to your NAMESPACE file.
Flavor: r-release-osx-x86_64-mavericks
Version: 1.6.9
Check: for missing documentation entries
Result: WARN
Invalid MIT-MAGIC-COOKIE-1 keyInvalid MIT-MAGIC-COOKIE-1 key
All user-level objects in a package should have documentation entries.
See chapter ‘Writing R documentation files’ in the ‘Writing R
Extensions’ manual.
Flavor: r-release-osx-x86_64-mavericks
Version: 1.6.9
Check: for code/documentation mismatches
Result: WARN
Invalid MIT-MAGIC-COOKIE-1 keyInvalid MIT-MAGIC-COOKIE-1 key
Invalid MIT-MAGIC-COOKIE-1 keyInvalid MIT-MAGIC-COOKIE-1 key
Invalid MIT-MAGIC-COOKIE-1 keyInvalid MIT-MAGIC-COOKIE-1 key
Flavor: r-release-osx-x86_64-mavericks
Version: 1.6.9
Check: Rd \usage sections
Result: NOTE
Invalid MIT-MAGIC-COOKIE-1 keyInvalid MIT-MAGIC-COOKIE-1 key
The \usage entries for S3 methods should use the \method markup and not
their full name.
See chapter ‘Writing R documentation files’ in the ‘Writing R
Extensions’ manual.
Flavor: r-release-osx-x86_64-mavericks
Version: 1.6.9
Check: R code for possible problems
Result: NOTE
rg.robmva: no visible global function definition for 'cov.mve'
Flavor: r-oldrel-windows-ix86+x86_64