CRAN Package Check Results for Package SubLasso

Last updated on 2016-10-25 23:47:55.

Flavor Version Tinstall Tcheck Ttotal Status Flags
r-devel-linux-x86_64-debian-clang 1.0 2.22 27.59 29.81 NOTE
r-devel-linux-x86_64-debian-gcc 1.0 2.31 28.44 30.75 NOTE
r-devel-linux-x86_64-fedora-clang 1.0 73.67 NOTE
r-devel-linux-x86_64-fedora-gcc 1.0 76.64 NOTE
r-devel-windows-ix86+x86_64 1.0 9.00 82.00 91.00 NOTE
r-patched-linux-x86_64 1.0 2.36 27.35 29.71 NOTE
r-patched-solaris-sparc 1.0 386.00 NOTE
r-patched-solaris-x86 1.0 92.80 NOTE
r-release-linux-x86_64 1.0 2.34 27.37 29.71 NOTE
r-release-osx-x86_64-mavericks 1.0 NOTE
r-release-windows-ix86+x86_64 1.0 7.00 70.00 77.00 NOTE
r-oldrel-windows-ix86+x86_64 1.0 10.00 74.00 84.00 NOTE

Check Details

Version: 1.0
Check: DESCRIPTION meta-information
Result: NOTE
    Malformed Title field: should not end in a period.
Flavors: r-devel-linux-x86_64-debian-clang, r-devel-linux-x86_64-debian-gcc, r-devel-linux-x86_64-fedora-clang, r-devel-linux-x86_64-fedora-gcc, r-devel-macos-x86_64-clang, r-devel-windows-ix86+x86_64, r-patched-linux-x86_64, r-patched-solaris-sparc, r-patched-solaris-x86, r-release-linux-x86_64, r-release-osx-x86_64-mavericks, r-release-windows-ix86+x86_64, r-oldrel-windows-ix86+x86_64

Version: 1.0
Check: S3 generic/method consistency
Result: NOTE
    Found the following apparent S3 methods exported but not registered:
     predict.sublasso
    See section ‘Registering S3 methods’ in the ‘Writing R Extensions’
    manual.
Flavors: r-devel-linux-x86_64-debian-clang, r-devel-linux-x86_64-debian-gcc, r-devel-linux-x86_64-fedora-clang, r-devel-linux-x86_64-fedora-gcc, r-devel-macos-x86_64-clang, r-patched-linux-x86_64, r-patched-solaris-sparc, r-patched-solaris-x86, r-release-linux-x86_64

Version: 1.0
Check: R code for possible problems
Result: NOTE
    SubLasso: no visible global function definition for ‘predict’
    SubLasso: no visible global function definition for ‘coef’
    SubLasso: no visible global function definition for ‘dev.new’
    SubLasso: no visible global function definition for ‘cor’
    SubLasso: no visible global function definition for ‘boxplot’
    predict.sublasso: no visible global function definition for ‘predict’
    Undefined global functions or variables:
     boxplot coef cor dev.new predict
    Consider adding
     importFrom("grDevices", "dev.new")
     importFrom("graphics", "boxplot")
     importFrom("stats", "coef", "cor", "predict")
    to your NAMESPACE file.
Flavors: r-devel-linux-x86_64-debian-clang, r-devel-linux-x86_64-debian-gcc, r-devel-linux-x86_64-fedora-clang, r-devel-linux-x86_64-fedora-gcc, r-devel-macos-x86_64-clang, r-devel-windows-ix86+x86_64, r-patched-linux-x86_64, r-patched-solaris-sparc, r-patched-solaris-x86, r-release-linux-x86_64, r-release-osx-x86_64-mavericks, r-release-windows-ix86+x86_64