Last updated on 2016-10-25 23:47:56.
Flavor | Version | Tinstall | Tcheck | Ttotal | Status | Flags |
---|---|---|---|---|---|---|
r-devel-linux-x86_64-debian-clang | 2015.2-1 | 90.14 | 9.33 | 99.48 | WARN | |
r-devel-linux-x86_64-debian-gcc | 2015.2-1 | 83.49 | 9.08 | 92.57 | WARN | |
r-devel-linux-x86_64-fedora-clang | 2015.2-1 | 220.78 | WARN | |||
r-devel-linux-x86_64-fedora-gcc | 2015.2-1 | 184.28 | WARN | |||
r-devel-windows-ix86+x86_64 | 2015.2-1 | 415.00 | 35.00 | 450.00 | WARN | |
r-patched-linux-x86_64 | 2015.2-1 | 71.17 | 8.55 | 79.73 | OK | |
r-patched-solaris-sparc | 2015.2-1 | 917.40 | OK | |||
r-patched-solaris-x86 | 2015.2-1 | 171.90 | OK | |||
r-release-linux-x86_64 | 2015.2-1 | 70.06 | 8.51 | 78.57 | OK | |
r-release-osx-x86_64-mavericks | 2015.2-1 | OK | ||||
r-release-windows-ix86+x86_64 | 2015.2-1 | 330.00 | 35.00 | 365.00 | OK | |
r-oldrel-windows-ix86+x86_64 | 2015.2-1 | 385.00 | 46.00 | 431.00 | OK |
Version: 2015.2-1
Check: whether package can be installed
Result: WARN
Found the following significant warnings:
cleaning_report.cpp:85:68: warning: use of non-standard escape character '\%' [-Wpedantic]
cleaning_report.cpp:85:87: warning: use of non-standard escape character '\%' [-Wpedantic]
Flavors: r-devel-linux-x86_64-debian-clang, r-devel-linux-x86_64-fedora-clang, r-devel-macos-x86_64-clang
Version: 2015.2-1
Check: whether package can be installed
Result: WARN
Found the following significant warnings:
cleaning_report.cpp:85:10: warning: unknown escape sequence: '\%'
Flavors: r-devel-linux-x86_64-debian-gcc, r-devel-linux-x86_64-fedora-gcc, r-devel-windows-ix86+x86_64