CRAN Package Check Results for Package TDAmapper

Last updated on 2016-10-25 23:47:56.

Flavor Version Tinstall Tcheck Ttotal Status Flags
r-devel-linux-x86_64-debian-clang 1.0 0.53 9.37 9.90 NOTE
r-devel-linux-x86_64-debian-gcc 1.0 0.56 9.20 9.76 NOTE
r-devel-linux-x86_64-fedora-clang 1.0 17.17 NOTE
r-devel-linux-x86_64-fedora-gcc 1.0 15.91 NOTE
r-devel-windows-ix86+x86_64 1.0 3.00 23.00 26.00 NOTE
r-patched-linux-x86_64 1.0 0.53 8.59 9.12 NOTE
r-patched-solaris-sparc 1.0 91.00 NOTE
r-patched-solaris-x86 1.0 20.90 NOTE
r-release-linux-x86_64 1.0 0.52 8.44 8.95 NOTE
r-release-osx-x86_64-mavericks 1.0 NOTE
r-release-windows-ix86+x86_64 1.0 2.00 25.00 27.00 NOTE
r-oldrel-windows-ix86+x86_64 1.0 5.00 22.00 27.00 OK

Check Details

Version: 1.0
Check: R code for possible problems
Result: NOTE
    cluster_cutoff_at_first_empty_bin: no visible global function
     definition for ‘hist’
    mapper1D: no visible global function definition for ‘dist’
    mapper1D: no visible global function definition for ‘as.dist’
    mapper1D: no visible global function definition for ‘hclust’
    mapper1D: no visible global function definition for ‘cutree’
    mapper2D: no visible global function definition for ‘dist’
    mapper2D: no visible global function definition for ‘as.dist’
    mapper2D: no visible global function definition for ‘hclust’
    mapper2D: no visible global function definition for ‘cutree’
    Undefined global functions or variables:
     as.dist cutree dist hclust hist
    Consider adding
     importFrom("graphics", "hist")
     importFrom("stats", "as.dist", "cutree", "dist", "hclust")
    to your NAMESPACE file.
Flavors: r-devel-linux-x86_64-debian-clang, r-devel-linux-x86_64-debian-gcc, r-devel-linux-x86_64-fedora-clang, r-devel-linux-x86_64-fedora-gcc, r-devel-macos-x86_64-clang, r-devel-windows-ix86+x86_64, r-patched-linux-x86_64, r-patched-solaris-sparc, r-patched-solaris-x86, r-release-linux-x86_64, r-release-osx-x86_64-mavericks, r-release-windows-ix86+x86_64