Last updated on 2016-10-25 23:47:28.
Flavor | Version | Tinstall | Tcheck | Ttotal | Status | Flags |
---|---|---|---|---|---|---|
r-devel-linux-x86_64-debian-clang | 0.5-0 | 3.38 | 40.18 | 43.55 | OK | |
r-devel-linux-x86_64-debian-gcc | 0.5-0 | 3.41 | 40.86 | 44.27 | OK | |
r-devel-linux-x86_64-fedora-clang | 0.5-0 | 101.86 | OK | |||
r-devel-linux-x86_64-fedora-gcc | 0.5-0 | 100.93 | OK | |||
r-devel-windows-ix86+x86_64 | 0.5-0 | 14.00 | 96.00 | 110.00 | OK | |
r-patched-linux-x86_64 | 0.5-0 | 4.21 | 40.17 | 44.39 | OK | |
r-patched-solaris-sparc | 0.5-0 | 12.20 | ERROR | |||
r-patched-solaris-x86 | 0.5-0 | 2.60 | ERROR | |||
r-release-linux-x86_64 | 0.5-0 | 4.29 | 39.74 | 44.03 | OK | |
r-release-osx-x86_64-mavericks | 0.5-0 | ERROR | ||||
r-release-windows-ix86+x86_64 | 0.5-0 | 10.00 | 78.00 | 88.00 | OK | |
r-oldrel-windows-ix86+x86_64 | 0.5-0 | 17.00 | 122.00 | 139.00 | OK |
Version: 0.5-0
Check: package dependencies
Result: ERROR
Package required but not available: ‘miscF’
See section ‘The DESCRIPTION file’ in the ‘Writing R Extensions’
manual.
Flavors: r-devel-macos-x86_64-clang, r-patched-solaris-sparc, r-patched-solaris-x86
Version: 0.5-0
Check: package dependencies
Result: ERROR
Package required and available but unsuitable version: ‘miscF’
See section ‘The DESCRIPTION file’ in the ‘Writing R Extensions’
manual.
Flavor: r-release-osx-x86_64-mavericks