Last updated on 2016-10-25 23:47:28.
Flavor | Version | Tinstall | Tcheck | Ttotal | Status | Flags |
---|---|---|---|---|---|---|
r-devel-linux-x86_64-debian-clang | 1.6.1 | 2.66 | 43.19 | 45.85 | OK | |
r-devel-linux-x86_64-debian-gcc | 1.6.1 | 2.88 | 43.99 | 46.87 | OK | |
r-devel-linux-x86_64-fedora-clang | 1.6.1 | 86.67 | NOTE | |||
r-devel-linux-x86_64-fedora-gcc | 1.6.1 | 83.55 | OK | |||
r-devel-windows-ix86+x86_64 | 1.6.1 | 19.00 | 80.00 | 99.00 | OK | |
r-patched-linux-x86_64 | 1.6.1 | 2.51 | 42.30 | 44.81 | OK | |
r-patched-solaris-sparc | 1.6.1 | 493.50 | OK | |||
r-patched-solaris-x86 | 1.6.1 | 95.70 | OK | |||
r-release-linux-x86_64 | 1.6.1 | 2.62 | 42.69 | 45.30 | OK | |
r-release-osx-x86_64-mavericks | 1.6.1 | OK | ||||
r-release-windows-ix86+x86_64 | 1.6.1 | 9.00 | 78.00 | 87.00 | OK | |
r-oldrel-windows-ix86+x86_64 | 1.6.1 | 9.00 | 72.00 | 81.00 | OK |
Version: 1.6.1
Check: package dependencies
Result: NOTE
Package suggested but not available for checking: ‘GLAD’
Flavor: r-devel-linux-x86_64-fedora-clang