Last updated on 2016-10-25 23:47:28.
Flavor | Version | Tinstall | Tcheck | Ttotal | Status | Flags |
---|---|---|---|---|---|---|
r-devel-linux-x86_64-debian-clang | 1.2-0 | 5.84 | 78.22 | 84.06 | OK | |
r-devel-linux-x86_64-debian-gcc | 1.2-0 | 5.77 | 78.77 | 84.54 | OK | |
r-devel-linux-x86_64-fedora-clang | 1.2-0 | 184.45 | OK | |||
r-devel-linux-x86_64-fedora-gcc | 1.2-0 | 183.68 | OK | |||
r-devel-windows-ix86+x86_64 | 1.2-0 | 23.00 | 149.00 | 172.00 | OK | |
r-patched-linux-x86_64 | 1.2-0 | 5.49 | 78.22 | 83.71 | OK | |
r-patched-solaris-sparc | 1.2-0 | 984.20 | OK | |||
r-patched-solaris-x86 | 1.2-0 | 216.70 | OK | |||
r-release-linux-x86_64 | 1.2-0 | 6.26 | 78.60 | 84.86 | WARN | |
r-release-osx-x86_64-mavericks | 1.2-0 | WARN | ||||
r-release-windows-ix86+x86_64 | 1.2-0 | 18.00 | 148.00 | 166.00 | WARN | |
r-oldrel-windows-ix86+x86_64 | 1.2-0 | 28.00 | 216.00 | 244.00 | WARN |
Version: 1.2-0
Check: whether package can be installed
Result: WARN
Found the following significant warnings:
Warning: failed to assign NativeSymbolInfo for lhs since lhs is already defined in the ‘lazyeval’ namespace
Warning: failed to assign NativeSymbolInfo for rhs since rhs is already defined in the ‘lazyeval’ namespace
Flavors: r-release-linux-x86_64, r-release-osx-x86_64-mavericks, r-release-windows-ix86+x86_64, r-oldrel-windows-ix86+x86_64