CRAN Package Check Results for Package assertthat

Last updated on 2016-10-25 23:47:28.

Flavor Version Tinstall Tcheck Ttotal Status Flags
r-devel-linux-x86_64-debian-clang 0.1 0.56 10.08 10.64 NOTE
r-devel-linux-x86_64-debian-gcc 0.1 0.65 9.87 10.52 NOTE
r-devel-linux-x86_64-fedora-clang 0.1 17.96 NOTE
r-devel-linux-x86_64-fedora-gcc 0.1 16.98 NOTE
r-devel-windows-ix86+x86_64 0.1 5.00 41.00 46.00 NOTE
r-patched-linux-x86_64 0.1 0.58 9.32 9.89 NOTE
r-patched-solaris-sparc 0.1 103.80 NOTE
r-patched-solaris-x86 0.1 24.20 NOTE
r-release-linux-x86_64 0.1 0.82 9.04 9.86 NOTE
r-release-osx-x86_64-mavericks 0.1 NOTE
r-release-windows-ix86+x86_64 0.1 4.00 35.00 39.00 NOTE
r-oldrel-windows-ix86+x86_64 0.1 6.00 32.00 38.00 NOTE

Check Details

Version: 0.1
Check: DESCRIPTION meta-information
Result: NOTE
    Malformed Title field: should not end in a period.
Flavors: r-devel-linux-x86_64-debian-clang, r-devel-linux-x86_64-debian-gcc, r-devel-linux-x86_64-fedora-clang, r-devel-linux-x86_64-fedora-gcc, r-devel-macos-x86_64-clang, r-devel-windows-ix86+x86_64, r-patched-linux-x86_64, r-patched-solaris-sparc, r-patched-solaris-x86, r-release-linux-x86_64, r-release-osx-x86_64-mavericks, r-release-windows-ix86+x86_64, r-oldrel-windows-ix86+x86_64