CRAN Package Check Results for Package bcrm

Last updated on 2016-10-25 23:47:29.

Flavor Version Tinstall Tcheck Ttotal Status Flags
r-devel-linux-x86_64-debian-clang 0.4.6 1.21 24.11 25.32 OK
r-devel-linux-x86_64-debian-gcc 0.4.6 1.22 23.94 25.16 OK
r-devel-linux-x86_64-fedora-clang 0.4.6 46.27 OK
r-devel-linux-x86_64-fedora-gcc 0.4.6 44.36 OK
r-devel-windows-ix86+x86_64 0.4.6 7.00 60.00 67.00 OK
r-patched-linux-x86_64 0.4.6 1.06 22.90 23.96 OK
r-patched-solaris-sparc 0.4.6 272.30 NOTE
r-patched-solaris-x86 0.4.6 54.40 NOTE
r-release-linux-x86_64 0.4.6 1.22 23.14 24.37 OK
r-release-osx-x86_64-mavericks 0.4.6 NOTE
r-release-windows-ix86+x86_64 0.4.6 4.00 49.00 53.00 OK
r-oldrel-windows-ix86+x86_64 0.4.6 6.00 76.00 82.00 OK

Check Details

Version: 0.4.6
Check: package dependencies
Result: NOTE
    Package suggested but not available for checking: ‘BRugs’
Flavors: r-devel-macos-x86_64-clang, r-patched-solaris-sparc, r-patched-solaris-x86, r-release-osx-x86_64-mavericks