CRAN Package Check Results for Package bigGP

Last updated on 2016-10-25 23:47:29.

Flavor Version Tinstall Tcheck Ttotal Status Flags
r-devel-linux-x86_64-debian-clang 0.1-6 6.82 23.00 29.83 OK
r-devel-linux-x86_64-debian-gcc 0.1-6 5.98 22.87 28.85 OK
r-devel-linux-x86_64-fedora-clang 0.1-6 41.32 OK
r-devel-linux-x86_64-fedora-gcc 0.1-6 40.50 OK
r-patched-linux-x86_64 0.1-6 5.47 21.99 27.46 OK
r-patched-solaris-sparc 0.1-6 226.00 OK
r-patched-solaris-x86 0.1-6 52.50 OK
r-release-linux-x86_64 0.1-6 5.79 21.41 27.20 OK
r-release-osx-x86_64-mavericks 0.1-6 ERROR

Check Details

Version: 0.1-6
Check: package dependencies
Result: ERROR
    Package required but not available: ‘Rmpi’
    
    See section ‘The DESCRIPTION file’ in the ‘Writing R Extensions’
    manual.
Flavor: r-release-osx-x86_64-mavericks