Last updated on 2016-10-25 23:47:29.
Flavor | Version | Tinstall | Tcheck | Ttotal | Status | Flags |
---|---|---|---|---|---|---|
r-devel-linux-x86_64-debian-clang | 0.1-3 | 1.05 | 14.16 | 15.21 | WARN | |
r-devel-linux-x86_64-debian-gcc | 0.1-3 | 1.15 | 13.41 | 14.57 | WARN | |
r-devel-linux-x86_64-fedora-clang | 0.1-3 | 25.32 | WARN | |||
r-devel-linux-x86_64-fedora-gcc | 0.1-3 | 23.97 | WARN | |||
r-devel-windows-ix86+x86_64 | 0.1-3 | 11.00 | 68.00 | 79.00 | WARN | |
r-patched-linux-x86_64 | 0.1-3 | 1.06 | 12.57 | 13.63 | NOTE | |
r-patched-solaris-sparc | 0.1-3 | 147.30 | NOTE | |||
r-patched-solaris-x86 | 0.1-3 | 34.10 | NOTE | |||
r-release-linux-x86_64 | 0.1-3 | 1.02 | 12.47 | 13.49 | NOTE | |
r-release-osx-x86_64-mavericks | 0.1-3 | NOTE | ||||
r-release-windows-ix86+x86_64 | 0.1-3 | 6.00 | 42.00 | 48.00 | NOTE | |
r-oldrel-windows-ix86+x86_64 | 0.1-3 | 10.00 | 48.00 | 58.00 | OK |
Version: 0.1-3
Check: whether package can be installed
Result: WARN
Found the following significant warnings:
Warning: GNU Extension: Different type kinds at (1)
Flavors: r-devel-linux-x86_64-debian-clang, r-devel-linux-x86_64-debian-gcc, r-devel-linux-x86_64-fedora-clang, r-devel-linux-x86_64-fedora-gcc, r-devel-macos-x86_64-clang, r-devel-windows-ix86+x86_64
Version: 0.1-3
Check: R code for possible problems
Result: NOTE
binom.liubailey: no visible global function definition for ‘qnorm’
binom.midp : f.low: no visible global function definition for ‘dbinom’
binom.midp : f.low: no visible global function definition for ‘pbinom’
binom.midp : f.up: no visible global function definition for ‘dbinom’
binom.midp : f.up: no visible global function definition for ‘pbinom’
binom.midp : one.ci: no visible global function definition for
‘uniroot’
ciss.agresticoull: no visible global function definition for ‘qnorm’
ciss.midp: no visible global function definition for ‘dbinom’
ciss.midp: no visible global function definition for ‘pbinom’
ciss.pool.wald: no visible global function definition for ‘qnorm’
ciss.wald: no visible global function definition for ‘qnorm’
ciss.wilson: no visible global function definition for ‘qnorm’
coverage : <anonymous>: no visible global function definition for
‘dbinom’
plot.coverage: no visible global function definition for ‘plot’
poolbinom.waldtype: no visible global function definition for ‘qlogis’
poolbinom.waldtype: no visible global function definition for ‘qnorm’
poolbinom.waldtype: no visible global function definition for ‘plogis’
Undefined global functions or variables:
dbinom pbinom plogis plot qlogis qnorm uniroot
Consider adding
importFrom("graphics", "plot")
importFrom("stats", "dbinom", "pbinom", "plogis", "qlogis", "qnorm",
"uniroot")
to your NAMESPACE file.
Flavors: r-devel-linux-x86_64-debian-clang, r-devel-linux-x86_64-debian-gcc, r-devel-linux-x86_64-fedora-clang, r-devel-linux-x86_64-fedora-gcc, r-devel-macos-x86_64-clang, r-devel-windows-ix86+x86_64, r-patched-linux-x86_64, r-patched-solaris-sparc, r-patched-solaris-x86, r-release-linux-x86_64, r-release-osx-x86_64-mavericks, r-release-windows-ix86+x86_64