Last updated on 2016-10-25 23:47:30.
Flavor | Version | Tinstall | Tcheck | Ttotal | Status | Flags |
---|---|---|---|---|---|---|
r-devel-linux-x86_64-debian-clang | 1.2.1 | 74.82 | 28.76 | 103.58 | NOTE | |
r-devel-linux-x86_64-debian-gcc | 1.2.1 | 69.98 | 29.13 | 99.11 | NOTE | |
r-devel-linux-x86_64-fedora-clang | 1.2.1 | 188.96 | NOTE | |||
r-devel-linux-x86_64-fedora-gcc | 1.2.1 | 190.38 | NOTE | |||
r-devel-windows-ix86+x86_64 | 1.2.1 | 205.00 | 94.00 | 299.00 | OK | |
r-patched-linux-x86_64 | 1.2.1 | 65.99 | 28.76 | 94.75 | NOTE | |
r-patched-solaris-sparc | 1.2.1 | 817.90 | NOTE | |||
r-patched-solaris-x86 | 1.2.1 | 184.90 | NOTE | |||
r-release-linux-x86_64 | 1.2.1 | 65.11 | 27.78 | 92.89 | NOTE | |
r-release-osx-x86_64-mavericks | 1.2.1 | NOTE | ||||
r-release-windows-ix86+x86_64 | 1.2.1 | 171.00 | 69.00 | 240.00 | OK | |
r-oldrel-windows-ix86+x86_64 | 1.2.1 | 188.00 | 117.00 | 305.00 | NOTE |
Version: 1.2.1
Check: installed package size
Result: NOTE
installed size is 30.8Mb
sub-directories of 1Mb or more:
libs 30.5Mb
Flavors: r-devel-linux-x86_64-debian-clang, r-devel-linux-x86_64-debian-gcc, r-devel-linux-x86_64-fedora-clang, r-devel-linux-x86_64-fedora-gcc, r-patched-linux-x86_64, r-release-linux-x86_64, r-release-osx-x86_64-mavericks
Version: 1.2.1
Check: dependencies in R code
Result: NOTE
Namespace in Imports field not imported from: ‘methods’
All declared Imports should be used.
Flavors: r-devel-linux-x86_64-fedora-clang, r-devel-linux-x86_64-fedora-gcc, r-devel-macos-x86_64-clang, r-patched-solaris-sparc, r-patched-solaris-x86, r-release-osx-x86_64-mavericks, r-oldrel-windows-ix86+x86_64