CRAN Package Check Results for Package bvpSolve

Last updated on 2016-10-25 23:47:30.

Flavor Version Tinstall Tcheck Ttotal Status Flags
r-devel-linux-x86_64-debian-clang 1.3.2 18.56 60.22 78.78 WARN
r-devel-linux-x86_64-debian-gcc 1.3.2 19.00 55.99 74.99 WARN
r-devel-linux-x86_64-fedora-clang 1.3.2 142.19 WARN
r-devel-linux-x86_64-fedora-gcc 1.3.2 138.49 WARN
r-devel-windows-ix86+x86_64 1.3.2 86.00 117.00 203.00 WARN
r-patched-linux-x86_64 1.3.2 17.05 58.24 75.30 OK
r-patched-solaris-sparc 1.3.2 841.10 OK
r-patched-solaris-x86 1.3.2 153.00 OK
r-release-linux-x86_64 1.3.2 17.07 54.95 72.03 OK
r-release-osx-x86_64-mavericks 1.3.2 OK
r-release-windows-ix86+x86_64 1.3.2 53.00 112.00 165.00 OK
r-oldrel-windows-ix86+x86_64 1.3.2 104.00 161.00 265.00 OK

Check Details

Version: 1.3.2
Check: whether package can be installed
Result: WARN
    Found the following significant warnings:
     Warning: Type specified for intrinsic function ‘sign’ at (1) is ignored [-Wsurprising]
     Warning: GNU Extension: Nonstandard type declaration REAL*8 at (1)
     Warning: Type specified for intrinsic function ‘abs’ at (1) is ignored [-Wsurprising]
Flavors: r-devel-linux-x86_64-debian-clang, r-devel-linux-x86_64-debian-gcc, r-devel-linux-x86_64-fedora-clang, r-devel-linux-x86_64-fedora-gcc, r-devel-macos-x86_64-clang

Version: 1.3.2
Check: whether package can be installed
Result: WARN
    Found the following significant warnings:
     Warning: GNU Extension: Nonstandard type declaration REAL*8 at (1)
Flavor: r-devel-windows-ix86+x86_64