CRAN Package Check Results for Package cluster

Last updated on 2016-10-25 23:47:31.

Flavor Version Tinstall Tcheck Ttotal Status Flags
r-devel-linux-x86_64-debian-clang 2.0.5 10.46 63.49 73.96 OK
r-devel-linux-x86_64-debian-gcc 2.0.5 6.39 60.32 66.70 OK
r-devel-linux-x86_64-fedora-clang 2.0.5 127.84 OK
r-devel-linux-x86_64-fedora-gcc 2.0.5 119.18 OK
r-devel-windows-ix86+x86_64 2.0.5 36.00 198.00 234.00 OK
r-patched-linux-x86_64 2.0.5 5.49 58.00 63.49 OK
r-patched-solaris-sparc 2.0.5 OK
r-patched-solaris-x86 2.0.5 OK
r-release-linux-x86_64 2.0.5 6.00 60.36 66.36 OK
r-release-osx-x86_64-mavericks 2.0.5 OK
r-release-windows-ix86+x86_64 2.0.5 22.00 214.00 236.00 OK
r-oldrel-windows-ix86+x86_64 2.0.5 37.00 199.00 236.00 NOTE

Check Details

Version: 2.0.5
Check: DESCRIPTION meta-information
Result: NOTE
    Malformed Title field: should not end in a period.
Flavor: r-oldrel-windows-ix86+x86_64