Last updated on 2016-10-25 23:47:32.
Flavor | Version | Tinstall | Tcheck | Ttotal | Status | Flags |
---|---|---|---|---|---|---|
r-devel-linux-x86_64-debian-clang | 1.3.1 | 2.82 | 31.53 | 34.35 | OK | --install=fake |
r-devel-linux-x86_64-debian-gcc | 1.3.1 | 3.03 | 31.03 | 34.06 | OK | --install=fake |
r-devel-linux-x86_64-fedora-clang | 1.3.1 | 59.78 | OK | --install=fake | ||
r-devel-linux-x86_64-fedora-gcc | 1.3.1 | 57.24 | OK | --install=fake | ||
r-patched-linux-x86_64 | 1.3.1 | 2.82 | 30.18 | 33.00 | OK | --install=fake |
r-release-linux-x86_64 | 1.3.1 | 2.70 | 29.92 | 32.62 | OK | --install=fake |
r-release-osx-x86_64-mavericks | 1.3.1 | ERROR | ||||
r-release-windows-ix86+x86_64 | 1.3.1 | 2.00 | 4.00 | 6.00 | ERROR |
Version: 1.3.1
Check: whether package can be installed
Result: ERROR
Installation failed.
Flavors: r-release-osx-x86_64-mavericks, r-release-windows-ix86+x86_64