CRAN Package Check Results for Package cramer

Last updated on 2016-10-25 23:47:32.

Flavor Version Tinstall Tcheck Ttotal Status Flags
r-devel-linux-x86_64-debian-clang 0.9-1 0.63 9.95 10.58 NOTE
r-devel-linux-x86_64-debian-gcc 0.9-1 0.59 9.99 10.58 NOTE
r-devel-linux-x86_64-fedora-clang 0.9-1 18.05 NOTE
r-devel-linux-x86_64-fedora-gcc 0.9-1 16.87 NOTE
r-devel-windows-ix86+x86_64 0.9-1 5.00 35.00 40.00 NOTE
r-patched-linux-x86_64 0.9-1 0.58 9.22 9.79 NOTE
r-patched-solaris-sparc 0.9-1 96.60 NOTE
r-patched-solaris-x86 0.9-1 22.00 NOTE
r-release-linux-x86_64 0.9-1 0.50 9.31 9.81 NOTE
r-release-osx-x86_64-mavericks 0.9-1 NOTE
r-release-windows-ix86+x86_64 0.9-1 2.00 33.00 35.00 NOTE
r-oldrel-windows-ix86+x86_64 0.9-1 3.00 30.00 33.00 OK

Check Details

Version: 0.9-1
Check: S3 generic/method consistency
Result: NOTE
    Found the following apparent S3 methods exported but not registered:
     print.cramertest
    See section ‘Registering S3 methods’ in the ‘Writing R Extensions’
    manual.
Flavors: r-devel-linux-x86_64-debian-clang, r-devel-linux-x86_64-debian-gcc, r-devel-linux-x86_64-fedora-clang, r-devel-linux-x86_64-fedora-gcc, r-devel-macos-x86_64-clang, r-patched-linux-x86_64, r-patched-solaris-sparc, r-patched-solaris-x86, r-release-linux-x86_64

Version: 0.9-1
Check: R code for possible problems
Result: NOTE
    .cramer.kritwertfft: no visible global function definition for ‘fft’
    Undefined global functions or variables:
     fft
    Consider adding
     importFrom("stats", "fft")
    to your NAMESPACE file.
Flavors: r-devel-linux-x86_64-debian-clang, r-devel-linux-x86_64-debian-gcc, r-devel-linux-x86_64-fedora-clang, r-devel-linux-x86_64-fedora-gcc, r-devel-macos-x86_64-clang, r-devel-windows-ix86+x86_64, r-patched-linux-x86_64, r-patched-solaris-sparc, r-patched-solaris-x86, r-release-linux-x86_64, r-release-osx-x86_64-mavericks, r-release-windows-ix86+x86_64