CRAN Package Check Results for Package cubfits

Last updated on 2016-10-25 23:47:32.

Flavor Version Tinstall Tcheck Ttotal Status Flags
r-devel-linux-x86_64-debian-clang 0.1-2 2.41 39.00 41.41 OK
r-devel-linux-x86_64-debian-gcc 0.1-2 2.19 38.66 40.85 OK
r-devel-linux-x86_64-fedora-clang 0.1-2 73.69 OK
r-devel-linux-x86_64-fedora-gcc 0.1-2 69.00 OK
r-devel-windows-ix86+x86_64 0.1-2 25.00 100.00 125.00 OK
r-patched-linux-x86_64 0.1-2 2.08 37.56 39.65 OK
r-patched-solaris-sparc 0.1-2 408.30 OK
r-patched-solaris-x86 0.1-2 77.60 OK
r-release-linux-x86_64 0.1-2 2.40 37.37 39.77 OK
r-release-osx-x86_64-mavericks 0.1-2 NOTE
r-release-windows-ix86+x86_64 0.1-2 13.00 113.00 126.00 OK
r-oldrel-windows-ix86+x86_64 0.1-2 25.00 95.00 120.00 OK

Check Details

Version: 0.1-2
Check: package dependencies
Result: NOTE
    Package which this enhances but not available for checking: ‘pbdMPI’
Flavor: r-release-osx-x86_64-mavericks