CRAN Package Check Results for Package ddR

Last updated on 2016-10-25 23:47:32.

Flavor Version Tinstall Tcheck Ttotal Status Flags
r-devel-linux-x86_64-debian-clang 0.1.2 8.48 35.69 44.17 OK
r-devel-linux-x86_64-debian-gcc 0.1.2 8.51 36.59 45.10 OK
r-devel-linux-x86_64-fedora-clang 0.1.2 93.18 OK
r-devel-linux-x86_64-fedora-gcc 0.1.2 57.03 OK
r-devel-windows-ix86+x86_64 0.1.2 42.00 315.00 357.00 FAIL
r-patched-linux-x86_64 0.1.2 7.19 35.36 42.55 OK
r-patched-solaris-sparc 0.1.2 483.50 OK
r-patched-solaris-x86 0.1.2 140.50 OK
r-release-linux-x86_64 0.1.2 7.20 34.66 41.86 OK
r-release-osx-x86_64-mavericks 0.1.2 OK
r-release-windows-ix86+x86_64 0.1.2 32.00 270.00 302.00 FAIL
r-oldrel-windows-ix86+x86_64 0.1.2 45.00 274.00 319.00 FAIL

Check Details

Version: 0.1.2
Check: re-building of vignette outputs
Result: FAIL
    
Flavors: r-devel-windows-ix86+x86_64, r-release-windows-ix86+x86_64, r-oldrel-windows-ix86+x86_64