CRAN Package Check Results for Package ddalpha

Last updated on 2016-10-25 23:47:32.

Flavor Version Tinstall Tcheck Ttotal Status Flags
r-devel-linux-x86_64-debian-clang 1.2.1 85.91 54.36 140.27 OK
r-devel-linux-x86_64-debian-gcc 1.2.1 87.45 55.53 142.98 NOTE
r-devel-linux-x86_64-fedora-clang 1.2.1 269.02 OK
r-devel-linux-x86_64-fedora-gcc 1.2.1 253.33 NOTE
r-devel-windows-ix86+x86_64 1.2.1 478.00 137.00 615.00 OK
r-patched-linux-x86_64 1.2.1 70.10 53.47 123.57 NOTE
r-patched-solaris-sparc 1.2.1 1420.00 OK
r-patched-solaris-x86 1.2.1 268.00 OK
r-release-linux-x86_64 1.2.1 68.25 51.06 119.32 NOTE
r-release-osx-x86_64-mavericks 1.2.1 OK
r-release-windows-ix86+x86_64 1.2.1 299.00 111.00 410.00 OK
r-oldrel-windows-ix86+x86_64 1.2.1 371.00 176.00 547.00 OK

Check Details

Version: 1.2.1
Check: installed package size
Result: NOTE
     installed size is 5.9Mb
     sub-directories of 1Mb or more:
     libs 5.0Mb
Flavors: r-devel-linux-x86_64-debian-gcc, r-devel-linux-x86_64-fedora-gcc, r-patched-linux-x86_64, r-release-linux-x86_64