Last updated on 2016-10-25 23:47:33.
Flavor | Version | Tinstall | Tcheck | Ttotal | Status | Flags |
---|---|---|---|---|---|---|
r-devel-linux-x86_64-debian-clang | 0.1.0 | 2.02 | 1.98 | 4.01 | ERROR | |
r-devel-linux-x86_64-debian-gcc | 0.1.0 | 3.18 | 2.06 | 5.24 | ERROR | |
r-devel-linux-x86_64-fedora-clang | 0.1.0 | 6.27 | ERROR | |||
r-devel-linux-x86_64-fedora-gcc | 0.1.0 | 6.35 | ERROR | |||
r-devel-windows-ix86+x86_64 | 0.1.0 | 9.00 | 5.00 | 14.00 | ERROR | |
r-patched-linux-x86_64 | 0.1.0 | 3.42 | 2.02 | 5.44 | ERROR | |
r-patched-solaris-sparc | 0.1.0 | 47.10 | ERROR | |||
r-patched-solaris-x86 | 0.1.0 | 7.70 | ERROR | |||
r-release-linux-x86_64 | 0.1.0 | 2.10 | 1.87 | 3.97 | ERROR | |
r-release-osx-x86_64-mavericks | 0.1.0 | OK | ||||
r-release-windows-ix86+x86_64 | 0.1.0 | 4.00 | 4.00 | 8.00 | ERROR | |
r-oldrel-windows-ix86+x86_64 | 0.1.0 | 6.00 | 2.00 | 8.00 | ERROR |
Version: 0.1.0
Check: whether package can be installed
Result: ERROR
Installation failed.
Flavors: r-devel-linux-x86_64-debian-clang, r-devel-linux-x86_64-debian-gcc, r-devel-linux-x86_64-fedora-clang, r-devel-linux-x86_64-fedora-gcc, r-devel-macos-x86_64-clang, r-devel-windows-ix86+x86_64, r-patched-linux-x86_64, r-patched-solaris-x86, r-release-linux-x86_64, r-release-windows-ix86+x86_64, r-oldrel-windows-ix86+x86_64
Version: 0.1.0
Check: whether the package can be loaded
Result: ERROR
Loading this package had a fatal error status code 1
Loading log:
Loading required package: darch
Error : object ‘createDataSet’ is not exported by 'namespace:darch'
Error: package or namespace load failed for ‘deeplearning’
Execution halted
Flavor: r-patched-solaris-sparc