CRAN Package Check Results for Package devtools

Last updated on 2016-10-25 23:47:33.

Flavor Version Tinstall Tcheck Ttotal Status Flags
r-devel-linux-x86_64-debian-clang 1.12.0 2.64 75.30 77.94 WARN
r-devel-linux-x86_64-debian-gcc 1.12.0 2.78 73.25 76.04 WARN
r-devel-linux-x86_64-fedora-clang 1.12.0 131.41 WARN
r-devel-linux-x86_64-fedora-gcc 1.12.0 122.48 WARN
r-devel-windows-ix86+x86_64 1.12.0 15.00 293.00 308.00 ERROR
r-patched-linux-x86_64 1.12.0 2.57 68.72 71.29 OK
r-patched-solaris-sparc 1.12.0 752.60 OK
r-patched-solaris-x86 1.12.0 142.60 OK
r-release-linux-x86_64 1.12.0 2.24 67.85 70.09 OK
r-release-osx-x86_64-mavericks 1.12.0 OK
r-release-windows-ix86+x86_64 1.12.0 12.00 348.00 360.00 OK
r-oldrel-windows-ix86+x86_64 1.12.0 20.00 288.00 308.00 OK

Check Details

Version: 1.12.0
Check: files in ‘vignettes’
Result: WARN
    Files in the 'vignettes' directory newer than all files in 'inst/doc':
     ‘dependencies.Rmd’
Flavors: r-devel-linux-x86_64-debian-clang, r-devel-linux-x86_64-debian-gcc, r-devel-linux-x86_64-fedora-clang, r-devel-linux-x86_64-fedora-gcc, r-devel-macos-x86_64-clang, r-devel-windows-ix86+x86_64

Version: 1.12.0
Check: running tests for arch ‘i386’
Result: ERROR
    Running the tests in 'tests/test-that.R' failed.
    Last 13 lines of output:
     1: devtools::build("testNamespace", binary = TRUE, path = tempdir(), quiet = TRUE) at testthat/test-build.r:10
     2: withr::with_temp_libpaths(R(cmd, path, quiet = quiet))
     3: force(code)
     4: R(cmd, path, quiet = quiet)
     5: fun(r, args = args, env_vars = env_vars, path = path, ...)
     6: stop("Command failed (", status, ")", call. = FALSE)
    
     Updating collate directive in D:\temp\RtmpekIsX8\testCollateOrder/DESCRIPTION
    
     testthat results ================================================================
     OK: 385 SKIPPED: 10 FAILED: 1
     1. Error: binary builds return correct filenames (@test-build.r#10)
    
     Error: testthat unit tests failed
     Execution halted
Flavor: r-devel-windows-ix86+x86_64

Version: 1.12.0
Check: running tests for arch ‘x64’
Result: ERROR
    Running the tests in 'tests/test-that.R' failed.
    Last 13 lines of output:
     1: devtools::build("testNamespace", binary = TRUE, path = tempdir(), quiet = TRUE) at testthat/test-build.r:10
     2: withr::with_temp_libpaths(R(cmd, path, quiet = quiet))
     3: force(code)
     4: R(cmd, path, quiet = quiet)
     5: fun(r, args = args, env_vars = env_vars, path = path, ...)
     6: stop("Command failed (", status, ")", call. = FALSE)
    
     Updating collate directive in D:\temp\Rtmp0s10nV\testCollateOrder/DESCRIPTION
    
     testthat results ================================================================
     OK: 385 SKIPPED: 10 FAILED: 1
     1. Error: binary builds return correct filenames (@test-build.r#10)
    
     Error: testthat unit tests failed
     Execution halted
Flavor: r-devel-windows-ix86+x86_64