CRAN Package Check Results for Package diffEq

Last updated on 2016-10-25 23:47:33.

Flavor Version Tinstall Tcheck Ttotal Status Flags
r-devel-linux-x86_64-debian-clang 1.0-1 0.82 75.63 76.45 NOTE
r-devel-linux-x86_64-debian-gcc 1.0-1 0.96 74.19 75.15 NOTE
r-devel-linux-x86_64-fedora-clang 1.0-1 151.30 NOTE
r-devel-linux-x86_64-fedora-gcc 1.0-1 144.03 NOTE
r-devel-windows-ix86+x86_64 1.0-1 6.00 148.00 154.00 NOTE
r-patched-linux-x86_64 1.0-1 0.81 74.67 75.49 NOTE
r-patched-solaris-sparc 1.0-1 947.90 NOTE
r-patched-solaris-x86 1.0-1 165.00 NOTE
r-release-linux-x86_64 1.0-1 0.87 73.99 74.86 NOTE
r-release-osx-x86_64-mavericks 1.0-1 NOTE
r-release-windows-ix86+x86_64 1.0-1 4.00 144.00 148.00 NOTE
r-oldrel-windows-ix86+x86_64 1.0-1 4.00 184.00 188.00 OK

Check Details

Version: 1.0-1
Check: R code for possible problems
Result: NOTE
    rkMethodPlot: no visible global function definition for ‘par’
    rkMethodPlot: no visible global function definition for ‘axis’
    rkMethodPlot: no visible global function definition for ‘points’
    rkMethodPlot: no visible global function definition for ‘text’
    rkMethodPlot: no visible global function definition for ‘segments’
    rkimp: no visible global function definition for ‘runif’
    stability.bruteforce: no visible global function definition for ‘plot’
    stability.bruteforce: no visible global function definition for
     ‘points’
    stability.bruteforce: no visible global function definition for
     ‘abline’
    stability.multistep: no visible global function definition for ‘plot’
    stability.multistep: no visible global function definition for ‘lines’
    stability.multistep: no visible global function definition for
     ‘polygon’
    stability.multistep: no visible global function definition for ‘abline’
    Undefined global functions or variables:
     abline axis lines par plot points polygon runif segments text
    Consider adding
     importFrom("graphics", "abline", "axis", "lines", "par", "plot",
     "points", "polygon", "segments", "text")
     importFrom("stats", "runif")
    to your NAMESPACE file.
Flavors: r-devel-linux-x86_64-debian-clang, r-devel-linux-x86_64-debian-gcc, r-devel-linux-x86_64-fedora-clang, r-devel-linux-x86_64-fedora-gcc, r-devel-macos-x86_64-clang, r-devel-windows-ix86+x86_64, r-patched-linux-x86_64, r-patched-solaris-sparc, r-patched-solaris-x86, r-release-linux-x86_64, r-release-osx-x86_64-mavericks, r-release-windows-ix86+x86_64