CRAN Package Check Results for Package easypackages

Last updated on 2016-10-25 23:47:34.

Flavor Version Tinstall Tcheck Ttotal Status Flags
r-devel-linux-x86_64-debian-clang 0.1.0 1.35 19.52 20.87 WARN
r-devel-linux-x86_64-debian-gcc 0.1.0 1.62 19.29 20.91 WARN
r-devel-linux-x86_64-fedora-clang 0.1.0 40.28 WARN
r-devel-linux-x86_64-fedora-gcc 0.1.0 38.27 WARN
r-devel-windows-ix86+x86_64 0.1.0 7.00 68.00 75.00 WARN
r-patched-linux-x86_64 0.1.0 1.21 17.17 18.38 OK
r-patched-solaris-sparc 0.1.0 117.50 OK
r-patched-solaris-x86 0.1.0 43.50 OK
r-release-linux-x86_64 0.1.0 1.37 17.12 18.49 OK
r-release-osx-x86_64-mavericks 0.1.0 OK
r-release-windows-ix86+x86_64 0.1.0 4.00 61.00 65.00 OK
r-oldrel-windows-ix86+x86_64 0.1.0 6.00 50.00 56.00 OK

Check Details

Version: 0.1.0
Check: files in ‘vignettes’
Result: WARN
    Files in the 'vignettes' directory newer than all files in 'inst/doc':
     ‘easypackages-vignette.Rmd’
Flavors: r-devel-linux-x86_64-debian-clang, r-devel-linux-x86_64-debian-gcc, r-devel-linux-x86_64-fedora-clang, r-devel-linux-x86_64-fedora-gcc, r-devel-macos-x86_64-clang, r-devel-windows-ix86+x86_64