CRAN Package Check Results for Package endorse

Last updated on 2016-10-25 23:47:34.

Flavor Version Tinstall Tcheck Ttotal Status Flags
r-devel-linux-x86_64-debian-clang 1.5.0 6.14 14.03 20.16 OK
r-devel-linux-x86_64-debian-gcc 1.5.0 6.11 13.89 20.00 OK
r-devel-linux-x86_64-fedora-clang 1.5.0 36.83 OK
r-devel-linux-x86_64-fedora-gcc 1.5.0 30.99 OK
r-devel-windows-ix86+x86_64 1.5.0 22.00 57.00 79.00 OK
r-patched-linux-x86_64 1.4.1 5.17 13.06 18.23 NOTE
r-patched-solaris-sparc 1.5.0 180.10 OK
r-patched-solaris-x86 1.5.0 42.80 OK
r-release-linux-x86_64 1.5.0 5.36 12.78 18.13 OK
r-release-osx-x86_64-mavericks 1.5.0 OK
r-release-windows-ix86+x86_64 1.5.0 15.00 50.00 65.00 OK
r-oldrel-windows-ix86+x86_64 1.5.0 22.00 44.00 66.00 OK

Check Details

Version: 1.4.1
Check: R code for possible problems
Result: NOTE
    .onAttach: no visible global function definition for
     ‘packageDescription’
    endorse: no visible global function definition for ‘model.matrix’
    endorse: no visible global function definition for ‘complete.cases’
    endorse.plot: no visible global function definition for ‘grey’
    endorse.plot: no visible global function definition for ‘rgb’
    endorse.plot: no visible global function definition for ‘barplot’
    Undefined global functions or variables:
     barplot complete.cases grey model.matrix packageDescription rgb
    Consider adding
     importFrom("grDevices", "grey", "rgb")
     importFrom("graphics", "barplot")
     importFrom("stats", "complete.cases", "model.matrix")
     importFrom("utils", "packageDescription")
    to your NAMESPACE file.
Flavor: r-patched-linux-x86_64