Last updated on 2016-10-25 23:47:34.
Flavor | Version | Tinstall | Tcheck | Ttotal | Status | Flags |
---|---|---|---|---|---|---|
r-devel-linux-x86_64-debian-clang | 1.0.4 | 3.38 | 45.31 | 48.69 | OK | |
r-devel-linux-x86_64-debian-gcc | 1.0.4 | 3.62 | 45.16 | 48.78 | OK | |
r-devel-linux-x86_64-fedora-clang | 1.0.4 | 113.31 | OK | |||
r-devel-linux-x86_64-fedora-gcc | 1.0.4 | 107.45 | OK | |||
r-devel-windows-ix86+x86_64 | 1.0.4 | 17.00 | 122.00 | 139.00 | OK | |
r-patched-linux-x86_64 | 1.0.4 | 3.65 | 43.93 | 47.58 | OK | |
r-patched-solaris-sparc | 1.0.4 | 535.00 | NOTE | |||
r-patched-solaris-x86 | 1.0.4 | 125.70 | NOTE | |||
r-release-linux-x86_64 | 1.0.4 | 3.34 | 44.20 | 47.54 | OK | |
r-release-osx-x86_64-mavericks | 1.0.4 | OK | ||||
r-release-windows-ix86+x86_64 | 1.0.4 | 11.00 | 76.00 | 87.00 | OK | |
r-oldrel-windows-ix86+x86_64 | 1.0.4 | 16.00 | 109.00 | 125.00 | OK |
Version: 1.0.4
Check: package dependencies
Result: NOTE
Package suggested but not available for checking: ‘mzR’
Flavors: r-patched-solaris-sparc, r-patched-solaris-x86