Last updated on 2016-10-25 23:47:35.
Flavor | Version | Tinstall | Tcheck | Ttotal | Status | Flags |
---|---|---|---|---|---|---|
r-devel-linux-x86_64-debian-clang | 2.21 | 1.23 | 12.61 | 13.84 | NOTE | |
r-devel-linux-x86_64-debian-gcc | 2.21 | 1.28 | 12.70 | 13.99 | NOTE | |
r-devel-linux-x86_64-fedora-clang | 2.21 | 24.61 | NOTE | |||
r-devel-linux-x86_64-fedora-gcc | 2.21 | 22.57 | NOTE | |||
r-devel-windows-ix86+x86_64 | 2.21 | 13.00 | 40.00 | 53.00 | NOTE | |
r-patched-linux-x86_64 | 2.21 | 1.13 | 11.78 | 12.91 | NOTE | |
r-patched-solaris-sparc | 2.21 | 135.20 | NOTE | |||
r-patched-solaris-x86 | 2.21 | 28.60 | NOTE | |||
r-release-linux-x86_64 | 2.21 | 1.24 | 11.69 | 12.92 | NOTE | |
r-release-osx-x86_64-mavericks | 2.21 | NOTE | ||||
r-release-windows-ix86+x86_64 | 2.21 | 7.00 | 41.00 | 48.00 | NOTE | |
r-oldrel-windows-ix86+x86_64 | 2.21 | 16.00 | 43.00 | 59.00 | NOTE |
Version: 2.21
Check: R code for possible problems
Result: NOTE
File ‘fame/R/windows/zzz.R’:
.onLoad calls:
packageStartupMessage("FAME environment variable not set; assuming ", defaultDir)
packageStartupMessage("FAME directory ", fameDir, " not found.\n", "If you have FAME installed, specify it's location ", "via the FAME environment variable.\n", "Otherwise, this package is pretty useless.\n")
See section ‘Good practice’ in '?.onAttach'.
Flavors: r-devel-linux-x86_64-debian-clang, r-devel-linux-x86_64-debian-gcc, r-devel-linux-x86_64-fedora-clang, r-devel-linux-x86_64-fedora-gcc, r-devel-macos-x86_64-clang, r-devel-windows-ix86+x86_64, r-patched-linux-x86_64, r-patched-solaris-sparc, r-patched-solaris-x86, r-release-linux-x86_64, r-release-osx-x86_64-mavericks, r-release-windows-ix86+x86_64, r-oldrel-windows-ix86+x86_64