CRAN Package Check Results for Package findviews

Last updated on 2016-10-25 23:47:35.

Flavor Version Tinstall Tcheck Ttotal Status Flags
r-devel-linux-x86_64-debian-clang 0.1.1 0.92 20.77 21.70 OK
r-devel-linux-x86_64-debian-gcc 0.1.1 1.00 20.71 21.71 OK
r-devel-linux-x86_64-fedora-clang 0.1.2 40.35 OK
r-devel-linux-x86_64-fedora-gcc 0.1.2 39.09 OK
r-devel-windows-ix86+x86_64 0.1.1 7.00 55.00 62.00 OK
r-patched-linux-x86_64 0.1.1 0.92 19.35 20.27 OK
r-patched-solaris-sparc 0.1.1 235.30 OK
r-patched-solaris-x86 0.1.2 46.20 OK
r-release-linux-x86_64 0.1.1 1.03 19.42 20.45 OK
r-release-osx-x86_64-mavericks 0.1.1 OK
r-release-windows-ix86+x86_64 0.1.1 3.00 43.00 46.00 OK
r-oldrel-windows-ix86+x86_64 0.1.1 6.00 49.00 55.00 ERROR

Check Details

Version: 0.1.1
Check: tests
Result: ERROR
    Running the tests in 'tests/testthat.R' failed.
    Last 13 lines of output:
     1. Error: scoring works for numeric data (@test-findviews_to_compare.R#40)
     2. Error: findviews_to_compare returns properly (@test-findviews_to_compare.R#125)
     3. Error: findviews_to_compare can deal with flat columns (@test-findviews_to_compare.R#134)
     4. Error: findviews_to_compare can deal with NAs (@test-findviews_to_compare.R#140)
     5. Error: findviews_to_compare work for main function (@test-findviews_to_compare.R#149)
     6. Error: findview_to_compare handles NAs in selection (@test-findviews_to_compare.R#173)
     7. Error: ranking works for num data (@test-findviews_to_predict.R#81)
     8. Error: findviews_to_predict returns properly (@test-findviews_to_predict.R#145)
     9. Error: findviews_to_predict can deal with flat columns (@test-findviews_to_predict.R#154)
     10. Error: findviews_to_predict can deal with NAs (@test-findviews_to_predict.R#160)
    
     Error: testthat unit tests failed
     Execution halted
Flavor: r-oldrel-windows-ix86+x86_64