CRAN Package Check Results for Package fracdiff

Last updated on 2016-10-25 23:47:36.

Flavor Version Tinstall Tcheck Ttotal Status Flags
r-devel-linux-x86_64-debian-clang 1.4-2 2.91 17.81 20.71 NOTE
r-devel-linux-x86_64-debian-gcc 1.4-2 2.83 17.37 20.21 NOTE
r-devel-linux-x86_64-fedora-clang 1.4-2 34.92 NOTE
r-devel-linux-x86_64-fedora-gcc 1.4-2 32.15 NOTE
r-devel-windows-ix86+x86_64 1.4-2 14.00 60.00 74.00 NOTE
r-patched-linux-x86_64 1.4-2 2.61 16.48 19.09 NOTE
r-patched-solaris-sparc 1.4-2 202.50 NOTE
r-patched-solaris-x86 1.4-2 41.40 NOTE
r-release-linux-x86_64 1.4-2 2.86 16.41 19.27 NOTE
r-release-osx-x86_64-mavericks 1.4-2 NOTE
r-release-windows-ix86+x86_64 1.4-2 12.00 70.00 82.00 NOTE
r-oldrel-windows-ix86+x86_64 1.4-2 19.00 59.00 78.00 OK

Check Details

Version: 1.4-2
Check: top-level files
Result: NOTE
    Non-standard files/directories found at top level:
     ‘Calling’ ‘Done’ ‘filters.R’
Flavors: r-devel-linux-x86_64-debian-clang, r-devel-linux-x86_64-debian-gcc, r-devel-linux-x86_64-fedora-clang, r-devel-linux-x86_64-fedora-gcc, r-patched-linux-x86_64, r-release-linux-x86_64

Version: 1.4-2
Check: R code for possible problems
Result: NOTE
    confint.fracdiff: no visible global function definition for ‘coef’
    confint.fracdiff: no visible global function definition for ‘qnorm’
    fdGPH: no visible global function definition for ‘na.fail’
    fdGPH: no visible global function definition for ‘as.ts’
    fdGPH: no visible global function definition for ‘lm’
    fdGPH: no visible global function definition for ‘coef’
    fdGPH: no visible global function definition for ‘resid’
    fdSperio: no visible global function definition for ‘na.fail’
    fdSperio: no visible global function definition for ‘as.ts’
    fdSperio: no visible global function definition for ‘lm’
    fdSperio: no visible global function definition for ‘coef’
    fdSperio: no visible global function definition for ‘resid’
    fracdiff.sim: no visible binding for global variable ‘rnorm’
    logLik.fracdiff: no visible global function definition for ‘coef’
    print.fracdiff: no visible global function definition for ‘coef’
    print.summary.fracdiff: no visible global function definition for
     ‘printCoefmat’
    print.summary.fracdiff: no visible global function definition for
     ‘symnum’
    summary.fracdiff: no visible global function definition for ‘coef’
    summary.fracdiff: no visible global function definition for ‘pnorm’
    summary.fracdiff: no visible global function definition for ‘logLik’
    summary.fracdiff: no visible global function definition for ‘AIC’
    Undefined global functions or variables:
     AIC as.ts coef lm logLik na.fail pnorm printCoefmat qnorm resid rnorm
     symnum
    Consider adding
     importFrom("stats", "AIC", "as.ts", "coef", "lm", "logLik", "na.fail",
     "pnorm", "printCoefmat", "qnorm", "resid", "rnorm",
     "symnum")
    to your NAMESPACE file.
Flavors: r-devel-linux-x86_64-debian-clang, r-devel-linux-x86_64-debian-gcc, r-devel-linux-x86_64-fedora-clang, r-devel-linux-x86_64-fedora-gcc, r-devel-macos-x86_64-clang, r-devel-windows-ix86+x86_64, r-patched-linux-x86_64, r-patched-solaris-sparc, r-patched-solaris-x86, r-release-linux-x86_64, r-release-osx-x86_64-mavericks, r-release-windows-ix86+x86_64