Last updated on 2016-10-25 23:47:36.
Flavor | Version | Tinstall | Tcheck | Ttotal | Status | Flags |
---|---|---|---|---|---|---|
r-devel-linux-x86_64-debian-clang | 1.7 | 0.60 | 14.55 | 15.16 | OK | |
r-devel-linux-x86_64-debian-gcc | 1.7 | 0.64 | 14.51 | 15.15 | OK | |
r-devel-linux-x86_64-fedora-clang | 1.7 | 26.06 | OK | |||
r-devel-linux-x86_64-fedora-gcc | 1.7 | 24.78 | OK | |||
r-devel-windows-ix86+x86_64 | 1.7 | 5.00 | 32.00 | 37.00 | OK | |
r-patched-linux-x86_64 | 1.7 | 0.64 | 13.53 | 14.18 | OK | |
r-patched-solaris-sparc | 1.7 | 145.00 | OK | |||
r-patched-solaris-x86 | 1.7 | 29.20 | OK | |||
r-release-linux-x86_64 | 1.7 | 0.60 | 13.80 | 14.40 | OK | |
r-release-osx-x86_64-mavericks | 1.7 | NOTE | ||||
r-release-windows-ix86+x86_64 | 1.7 | 3.00 | 31.00 | 34.00 | OK | |
r-oldrel-windows-ix86+x86_64 | 1.7 | 3.00 | 27.00 | 30.00 | OK |
Version: 1.7
Check: Rd cross-references
Result: NOTE
Package unavailable to check Rd xrefs: ‘cffdrs’
Flavor: r-release-osx-x86_64-mavericks