CRAN Package Check Results for Package gdm

Last updated on 2016-10-25 23:47:37.

Flavor Version Tinstall Tcheck Ttotal Status Flags
r-devel-linux-x86_64-debian-clang 1.2.3 6.85 76.39 83.24 OK
r-devel-linux-x86_64-debian-gcc 1.2.3 6.91 74.79 81.70 OK
r-devel-linux-x86_64-fedora-clang 1.2.3 188.76 OK
r-devel-linux-x86_64-fedora-gcc 1.2.3 177.87 OK
r-devel-windows-ix86+x86_64 1.2.3 46.00 224.00 270.00 NOTE
r-patched-linux-x86_64 1.2.3 6.62 74.79 81.41 OK
r-patched-solaris-sparc 1.2.3 1002.50 OK
r-patched-solaris-x86 1.2.3 210.50 OK
r-release-linux-x86_64 1.2.3 6.32 73.81 80.12 OK
r-release-osx-x86_64-mavericks 1.2.3 OK
r-release-windows-ix86+x86_64 1.2.3 33.00 176.00 209.00 NOTE
r-oldrel-windows-ix86+x86_64 1.2.3 41.00 262.00 303.00 NOTE

Check Details

Version: 1.2.3
Check: installed package size
Result: NOTE
     installed size is 5.9Mb
     sub-directories of 1Mb or more:
     doc 1.1Mb
     extdata 3.0Mb
     libs 1.4Mb
Flavors: r-devel-windows-ix86+x86_64, r-release-windows-ix86+x86_64, r-oldrel-windows-ix86+x86_64