Last updated on 2016-10-25 23:47:37.
Flavor | Version | Tinstall | Tcheck | Ttotal | Status | Flags |
---|---|---|---|---|---|---|
r-devel-linux-x86_64-debian-clang | 0.3-1 | 5.30 | 118.79 | 124.08 | OK | |
r-devel-linux-x86_64-debian-gcc | 0.3-1 | 4.95 | 119.07 | 124.01 | OK | |
r-devel-linux-x86_64-fedora-clang | 0.3-1 | 260.52 | OK | |||
r-devel-linux-x86_64-fedora-gcc | 0.3-1 | 249.55 | OK | |||
r-devel-windows-ix86+x86_64 | 0.3-1 | 20.00 | 210.00 | 230.00 | OK | |
r-patched-linux-x86_64 | 0.3-1 | 5.09 | 120.35 | 125.44 | OK | |
r-patched-solaris-sparc | 0.3-1 | 17.20 | ERROR | |||
r-patched-solaris-x86 | 0.3-1 | 3.30 | ERROR | |||
r-release-linux-x86_64 | 0.3-1 | 4.94 | 114.96 | 119.90 | OK | |
r-release-osx-x86_64-mavericks | 0.3-1 | OK | ||||
r-release-windows-ix86+x86_64 | 0.3-1 | 13.00 | 171.00 | 184.00 | OK | |
r-oldrel-windows-ix86+x86_64 | 0.3-1 | 18.00 | 290.00 | 308.00 | OK |
Version: 0.3-1
Check: package dependencies
Result: ERROR
Packages required but not available: ‘constrainedKriging’ ‘RandomFields’
Package suggested but not available for checking: ‘geoR’
See section ‘The DESCRIPTION file’ in the ‘Writing R Extensions’
manual.
Flavors: r-patched-solaris-sparc, r-patched-solaris-x86