CRAN Package Check Results for Package ggfortify

Last updated on 2016-10-25 23:47:37.

Flavor Version Tinstall Tcheck Ttotal Status Flags
r-devel-linux-x86_64-debian-clang 0.2.0 2.50 146.39 148.89 ERROR
r-devel-linux-x86_64-debian-gcc 0.2.0 2.42 141.04 143.46 ERROR
r-devel-linux-x86_64-fedora-clang 0.2.0 284.25 ERROR
r-devel-linux-x86_64-fedora-gcc 0.2.0 268.43 ERROR
r-devel-windows-ix86+x86_64 0.2.0 17.00 294.00 311.00 ERROR
r-patched-linux-x86_64 0.2.0 2.61 140.29 142.90 ERROR
r-patched-solaris-sparc 0.2.0 1455.00 ERROR
r-patched-solaris-x86 0.2.0 310.40 ERROR
r-release-linux-x86_64 0.2.0 2.41 135.61 138.02 ERROR
r-release-osx-x86_64-mavericks 0.2.0 NOTE
r-release-windows-ix86+x86_64 0.2.0 8.00 234.00 242.00 ERROR
r-oldrel-windows-ix86+x86_64 0.2.0 14.00 303.00 317.00 ERROR

Check Details

Version: 0.2.0
Check: installed package size
Result: NOTE
     installed size is 5.3Mb
     sub-directories of 1Mb or more:
     doc 4.9Mb
Flavors: r-devel-linux-x86_64-debian-clang, r-devel-linux-x86_64-debian-gcc, r-devel-linux-x86_64-fedora-clang, r-devel-linux-x86_64-fedora-gcc, r-devel-macos-x86_64-clang, r-devel-windows-ix86+x86_64, r-patched-linux-x86_64, r-patched-solaris-sparc, r-patched-solaris-x86, r-release-linux-x86_64, r-release-osx-x86_64-mavericks, r-release-windows-ix86+x86_64, r-oldrel-windows-ix86+x86_64

Version: 0.2.0
Check: tests
Result: ERROR
    Running the tests in ‘tests/test-all.R’ failed.
    Last 13 lines of output:
     NOTE: Predefined penalty values changed in version 2.2. Previous penalty values with a postfix 1 i.e. SIC1 are now without i.e. SIC and previous penalties without a postfix i.e. SIC are now with a postfix 0 i.e. SIC0. See NEWS and help files for further details.
     Loading required package: sandwich
     1. Failure: fortify.bats works for austres (@test-forecast.R#96) ---------------
     names(fortified) not equal to `expected_names`.
     Lengths differ: 7 vs 6
    
    
     Loading required package: urca
     Loading required package: lmtest
     testthat results ================================================================
     OK: 1069 SKIPPED: 4 FAILED: 1
     1. Failure: fortify.bats works for austres (@test-forecast.R#96)
    
     Error: testthat unit tests failed
     Execution halted
Flavors: r-devel-linux-x86_64-debian-clang, r-devel-linux-x86_64-debian-gcc, r-devel-linux-x86_64-fedora-clang, r-devel-linux-x86_64-fedora-gcc, r-devel-macos-x86_64-clang, r-devel-windows-ix86+x86_64

Version: 0.2.0
Check: tests
Result: ERROR
    Running the tests in ‘tests/test-all.R’ failed.
    Last 13 lines of output:
     1. Failure: fortify.bats works for austres (@test-forecast.R#96) ---------------
     names(fortified) not equal to `expected_names`.
     Lengths differ: 7 vs 6
    
    
     Loading required package: urca
     Loading required package: lmtest
     testthat results ================================================================
     OK: 1069 SKIPPED: 4 FAILED: 1
     1. Failure: fortify.bats works for austres (@test-forecast.R#96)
    
     Error: testthat unit tests failed
     Execution halted
Flavors: r-patched-linux-x86_64, r-patched-solaris-sparc, r-patched-solaris-x86, r-release-linux-x86_64, r-release-windows-ix86+x86_64, r-oldrel-windows-ix86+x86_64