CRAN Package Check Results for Package ggrepel

Last updated on 2016-10-25 23:47:37.

Flavor Version Tinstall Tcheck Ttotal Status Flags
r-devel-linux-x86_64-debian-clang 0.6.3 8.71 26.14 34.85 OK
r-devel-linux-x86_64-debian-gcc 0.6.3 8.85 25.73 34.58 OK
r-devel-linux-x86_64-fedora-clang 0.6.3 68.36 OK
r-devel-linux-x86_64-fedora-gcc 0.6.3 66.15 OK
r-devel-windows-ix86+x86_64 0.6.3 40.00 78.00 118.00 OK
r-patched-linux-x86_64 0.6.3 7.71 32.99 40.70 WARN
r-patched-solaris-sparc 0.6.3 361.40 OK
r-patched-solaris-x86 0.6.3 74.40 OK
r-release-linux-x86_64 0.6.3 7.75 32.40 40.14 WARN
r-release-osx-x86_64-mavericks 0.6.3 OK
r-release-windows-ix86+x86_64 0.6.3 32.00 60.00 92.00 OK
r-oldrel-windows-ix86+x86_64 0.6.3 39.00 92.00 131.00 OK

Check Details

Version: 0.6.3
Check: re-building of vignette outputs
Result: WARN
    Error in re-building vignettes:
     ...
    label: animated (with options)
    List of 2
     $ echo: logi TRUE
     $ eval: logi FALSE
    
     ordinary text without R code
    
    label: session_info (with options)
    List of 1
     $ echo: logi TRUE
    
     ordinary text without R code
    
    output file: ggrepel.md
    
    [1] "ggrepel.md"
    perl -i -pe 's{figures/}{https://github.com/slowkow/ggrepel/blob/master/vignettes/figures/}' ggrepel.md
    pngquant --force figures/ggrepel/*.png
    /bin/sh: 1: pngquant: not found
    Makefile:2: recipe for target 'ggrepel.md' failed
    make[1]: *** [ggrepel.md] Error 127
    make[1]: Leaving directory '/home/hornik/tmp/R.check/r-patched-gcc/Work/PKGS/ggrepel.Rcheck/vign_test/ggrepel/vignettes'
    Error in buildVignettes(dir = "/home/hornik/tmp/R.check/r-patched-gcc/Work/PKGS/ggrepel.Rcheck/vign_test/ggrepel") :
     running ‘make’ failed
    Execution halted
Flavor: r-patched-linux-x86_64

Version: 0.6.3
Check: re-building of vignette outputs
Result: WARN
    Error in re-building vignettes:
     ...
    label: animated (with options)
    List of 2
     $ echo: logi TRUE
     $ eval: logi FALSE
    
     ordinary text without R code
    
    label: session_info (with options)
    List of 1
     $ echo: logi TRUE
    
     ordinary text without R code
    
    output file: ggrepel.md
    
    [1] "ggrepel.md"
    perl -i -pe 's{figures/}{https://github.com/slowkow/ggrepel/blob/master/vignettes/figures/}' ggrepel.md
    pngquant --force figures/ggrepel/*.png
    /bin/sh: 1: pngquant: not found
    Makefile:2: recipe for target 'ggrepel.md' failed
    make[1]: *** [ggrepel.md] Error 127
    make[1]: Leaving directory '/home/hornik/tmp/R.check/r-release-gcc/Work/PKGS/ggrepel.Rcheck/vign_test/ggrepel/vignettes'
    Error in buildVignettes(dir = "/home/hornik/tmp/R.check/r-release-gcc/Work/PKGS/ggrepel.Rcheck/vign_test/ggrepel") :
     running ‘make’ failed
    Execution halted
Flavor: r-release-linux-x86_64